CRAN Package Check Results for Package basad

Last updated on 2020-05-25 01:48:47 CEST.

Flavor Version Tinstall Tcheck Ttotal Status Flags
r-devel-linux-x86_64-debian-clang 0.2.0 80.62 25.54 106.16 OK
r-devel-linux-x86_64-debian-gcc 0.2.0 60.83 22.08 82.91 OK
r-devel-linux-x86_64-fedora-clang 0.2.0 139.83 NOTE
r-devel-linux-x86_64-fedora-gcc 0.2.0 132.26 OK
r-devel-windows-ix86+x86_64 0.2.0 155.00 82.00 237.00 OK
r-patched-linux-x86_64 0.2.0 61.96 27.77 89.73 OK
r-patched-solaris-x86 0.2.0 110.40 OK
r-release-linux-x86_64 0.2.0 65.58 27.63 93.21 OK
r-release-osx-x86_64 0.2.0 NOTE
r-release-windows-ix86+x86_64 0.2.0 113.00 76.00 189.00 OK
r-oldrel-osx-x86_64 0.2.0 NOTE
r-oldrel-windows-ix86+x86_64 0.2.0 115.00 79.00 194.00 OK

Check Details

Version: 0.2.0
Check: installed package size
Result: NOTE
     installed size is 14.2Mb
     sub-directories of 1Mb or more:
     libs 14.1Mb
Flavors: r-devel-linux-x86_64-fedora-clang, r-release-osx-x86_64, r-oldrel-osx-x86_64