CRAN Package Check Results for Package basad

Last updated on 2022-10-03 18:52:02 CEST.

Flavor Version Tinstall Tcheck Ttotal Status Flags
r-devel-linux-x86_64-debian-clang 0.3.0 78.27 32.33 110.60 OK
r-devel-linux-x86_64-debian-gcc 0.3.0 61.26 26.43 87.69 OK
r-devel-linux-x86_64-fedora-clang 0.3.0 151.07 OK
r-devel-linux-x86_64-fedora-gcc 0.3.0 157.89 OK
r-devel-windows-x86_64 0.3.0 49.00 79.00 128.00 OK
r-patched-linux-x86_64 0.3.0 70.03 32.80 102.83 OK
r-release-linux-x86_64 0.3.0 64.18 33.08 97.26 OK
r-release-macos-arm64 0.3.0 43.00 NOTE
r-release-macos-x86_64 0.3.0 54.00 NOTE
r-release-windows-x86_64 0.3.0 220.00 84.00 304.00 OK
r-oldrel-macos-arm64 0.3.0 52.00 NOTE
r-oldrel-macos-x86_64 0.3.0 58.00 NOTE
r-oldrel-windows-ix86+x86_64 0.3.0 153.00 81.00 234.00 OK

Check Details

Version: 0.3.0
Check: installed package size
Result: NOTE
     installed size is 13.6Mb
     sub-directories of 1Mb or more:
     libs 13.5Mb
Flavors: r-release-macos-arm64, r-release-macos-x86_64, r-oldrel-macos-arm64, r-oldrel-macos-x86_64