Last updated on 2022-08-17 06:51:10 CEST.
Flavor | Version | Tinstall | Tcheck | Ttotal | Status | Flags |
---|---|---|---|---|---|---|
r-devel-linux-x86_64-debian-clang | 0.1.0 | 3.81 | 36.44 | 40.25 | OK | |
r-devel-linux-x86_64-debian-gcc | 0.1.0 | OK | ||||
r-devel-linux-x86_64-fedora-clang | 0.1.0 | 58.95 | NOTE | |||
r-devel-linux-x86_64-fedora-gcc | 0.1.0 | 56.84 | NOTE | |||
r-devel-windows-x86_64 | 0.1.0 | 20.00 | 69.00 | 89.00 | OK | |
r-patched-linux-x86_64 | 0.1.0 | 3.03 | 35.17 | 38.20 | OK | |
r-release-linux-x86_64 | 0.1.0 | 2.32 | 34.22 | 36.54 | OK | |
r-release-macos-arm64 | 0.1.0 | 18.00 | NOTE | |||
r-release-macos-x86_64 | 0.1.0 | 37.00 | NOTE | |||
r-release-windows-x86_64 | 0.1.0 | 31.00 | 62.00 | 93.00 | OK | |
r-oldrel-macos-arm64 | 0.1.0 | 19.00 | NOTE | |||
r-oldrel-macos-x86_64 | 0.1.0 | 26.00 | NOTE | |||
r-oldrel-windows-ix86+x86_64 | 0.1.0 | 9.00 | 60.00 | 69.00 | OK |
Version: 0.1.0
Check: dependencies in R code
Result: NOTE
Namespaces in Imports field not imported from:
‘fs’ ‘testthat’
All declared Imports should be used.
Flavors: r-devel-linux-x86_64-fedora-clang, r-devel-linux-x86_64-fedora-gcc, r-release-macos-arm64, r-release-macos-x86_64, r-oldrel-macos-arm64, r-oldrel-macos-x86_64