CRAN Package Check Results for Package bama

Last updated on 2022-10-01 13:51:25 CEST.

Flavor Version Tinstall Tcheck Ttotal Status Flags
r-devel-linux-x86_64-debian-clang 1.2 65.24 41.58 106.82 OK
r-devel-linux-x86_64-debian-gcc 1.2 48.68 32.80 81.48 OK
r-devel-linux-x86_64-fedora-clang 1.2 153.12 OK
r-devel-linux-x86_64-fedora-gcc 1.2 142.78 OK
r-devel-windows-x86_64 1.2 49.00 114.00 163.00 OK
r-patched-linux-x86_64 1.2 48.91 40.75 89.66 OK
r-release-linux-x86_64 1.2 50.82 40.63 91.45 OK
r-release-macos-arm64 1.2 41.00 NOTE
r-release-macos-x86_64 1.2 54.00 NOTE
r-release-windows-x86_64 1.2 51.00 99.00 150.00 OK
r-oldrel-macos-arm64 1.2 49.00 NOTE
r-oldrel-macos-x86_64 1.2 84.00 NOTE
r-oldrel-windows-ix86+x86_64 1.2 138.00 102.00 240.00 OK

Check Details

Version: 1.2
Check: installed package size
Result: NOTE
     installed size is 5.3Mb
     sub-directories of 1Mb or more:
     libs 4.4Mb
Flavors: r-release-macos-arm64, r-release-macos-x86_64, r-oldrel-macos-arm64, r-oldrel-macos-x86_64