Last updated on 2023-10-02 19:11:03 CEST.
Flavor | Version | Tinstall | Tcheck | Ttotal | Status | Flags |
---|---|---|---|---|---|---|
r-devel-linux-x86_64-debian-clang | 1.3.0 | 51.98 | 37.56 | 89.54 | NOTE | |
r-devel-linux-x86_64-debian-gcc | 1.3.0 | 34.75 | 29.40 | 64.15 | NOTE | |
r-devel-linux-x86_64-fedora-clang | 1.3.0 | 130.43 | NOTE | |||
r-devel-linux-x86_64-fedora-gcc | 1.3.0 | 146.21 | NOTE | |||
r-devel-windows-x86_64 | 1.3.0 | 39.00 | 77.00 | 116.00 | NOTE | |
r-patched-linux-x86_64 | 1.3.0 | 52.01 | 36.90 | 88.91 | NOTE | |
r-release-linux-x86_64 | 1.3.0 | 56.76 | 36.54 | 93.30 | NOTE | |
r-release-macos-arm64 | 1.3.0 | 44.00 | NOTE | |||
r-release-macos-x86_64 | 1.3.0 | 70.00 | NOTE | |||
r-release-windows-x86_64 | 1.3.0 | 55.00 | 85.00 | 140.00 | NOTE | |
r-oldrel-macos-arm64 | 1.3.0 | 41.00 | OK | |||
r-oldrel-macos-x86_64 | 1.3.0 | 48.00 | OK | |||
r-oldrel-windows-x86_64 | 1.3.0 | 52.00 | 92.00 | 144.00 | OK |
Version: 1.3.0
Check: C++ specification
Result: NOTE
Specified C++11: please drop specification unless essential
Flavors: r-devel-linux-x86_64-debian-clang, r-devel-linux-x86_64-debian-gcc, r-devel-linux-x86_64-fedora-clang, r-devel-linux-x86_64-fedora-gcc, r-devel-windows-x86_64, r-patched-linux-x86_64, r-release-linux-x86_64, r-release-macos-arm64, r-release-macos-x86_64, r-release-windows-x86_64