CRAN Package Check Results for Package backports

Last updated on 2020-05-30 19:47:04 CEST.

Flavor Version Tinstall Tcheck Ttotal Status Flags
r-devel-linux-x86_64-debian-clang 1.1.7 2.93 29.09 32.02 OK
r-devel-linux-x86_64-debian-gcc 1.1.7 2.24 23.36 25.60 OK
r-devel-linux-x86_64-fedora-clang 1.1.7 39.68 OK
r-devel-linux-x86_64-fedora-gcc 1.1.7 38.94 OK
r-devel-windows-ix86+x86_64 1.1.7 22.00 91.00 113.00 OK
r-patched-linux-x86_64 1.1.7 2.27 28.91 31.18 OK
r-patched-solaris-x86 1.1.7 64.80 OK
r-release-linux-x86_64 1.1.7 2.18 28.88 31.06 OK
r-release-osx-x86_64 1.1.7 OK
r-release-windows-ix86+x86_64 1.1.7 1.00 6.00 7.00 ERROR
r-oldrel-osx-x86_64 1.1.7 OK
r-oldrel-windows-ix86+x86_64 1.1.7 11.00 81.00 92.00 OK

Check Details

Version: 1.1.7
Check: whether package can be installed
Result: ERROR
    Installation failed.
Flavor: r-release-windows-ix86+x86_64