Last updated on 2022-08-12 06:49:14 CEST.
Flavor | Version | Tinstall | Tcheck | Ttotal | Status | Flags |
---|---|---|---|---|---|---|
r-devel-linux-x86_64-debian-clang | 11.8.8 | 25.63 | 284.81 | 310.44 | OK | |
r-devel-linux-x86_64-debian-gcc | 11.8.8 | 20.57 | 204.80 | 225.37 | OK | |
r-devel-linux-x86_64-fedora-clang | 11.8.8 | 376.68 | NOTE | |||
r-devel-linux-x86_64-fedora-gcc | 11.8.8 | 352.56 | NOTE | |||
r-devel-windows-x86_64 | 11.8.8 | 234.00 | 299.00 | 533.00 | OK | |
r-patched-linux-x86_64 | 11.8.8 | 24.42 | 259.51 | 283.93 | OK | |
r-release-linux-x86_64 | 11.8.8 | 22.14 | 255.26 | 277.40 | OK | |
r-release-macos-arm64 | 11.8.8 | 89.00 | NOTE | |||
r-release-macos-x86_64 | 11.8.8 | 126.00 | NOTE | |||
r-release-windows-x86_64 | 11.8.8 | 192.00 | 300.00 | 492.00 | OK | |
r-oldrel-macos-arm64 | 11.8.8 | 86.00 | NOTE | |||
r-oldrel-macos-x86_64 | 11.8.8 | 118.00 | NOTE | |||
r-oldrel-windows-ix86+x86_64 | 11.8.8 | 49.00 | 292.00 | 341.00 | OK |
Version: 11.8.8
Check: data for non-ASCII characters
Result: NOTE
Note: found 64209 marked UTF-8 strings
Flavors: r-devel-linux-x86_64-fedora-clang, r-devel-linux-x86_64-fedora-gcc, r-release-macos-arm64, r-release-macos-x86_64, r-oldrel-macos-arm64, r-oldrel-macos-x86_64