CRAN Package Check Results for Package azuremlsdk

Last updated on 2024-05-23 12:48:20 CEST.

Flavor Version Tinstall Tcheck Ttotal Status Flags
r-devel-linux-x86_64-debian-clang 1.10.0 10.16 127.57 137.73 NOTE
r-devel-linux-x86_64-debian-gcc 1.10.0 9.40 96.05 105.45 NOTE
r-devel-linux-x86_64-fedora-clang 1.10.0 195.56 NOTE
r-devel-linux-x86_64-fedora-gcc 1.10.0 189.59 NOTE
r-devel-windows-x86_64 1.10.0 12.00 138.00 150.00 NOTE
r-patched-linux-x86_64 1.10.0 13.30 120.88 134.18 NOTE
r-release-linux-x86_64 1.10.0 12.91 122.41 135.32 NOTE
r-release-macos-arm64 1.10.0 64.00 NOTE
r-release-windows-x86_64 1.10.0 14.00 135.00 149.00 NOTE
r-oldrel-macos-arm64 1.10.0 66.00 OK
r-oldrel-macos-x86_64 1.10.0 96.00 OK
r-oldrel-windows-x86_64 1.10.0 14.00 165.00 179.00 OK

Check Details

Version: 1.10.0
Check: Rd files
Result: NOTE checkRd: (-1) create_tabular_dataset_from_delimited_files.Rd:44: Lost braces; missing escapes or markup? 44 | format '{x}' and datetime column from format '{x:yyyy/MM/dd/HH/mm/ss}', where 'yyyy', 'MM', | ^ checkRd: (-1) create_tabular_dataset_from_delimited_files.Rd:44: Lost braces; missing escapes or markup? 44 | format '{x}' and datetime column from format '{x:yyyy/MM/dd/HH/mm/ss}', where 'yyyy', 'MM', | ^ checkRd: (-1) create_tabular_dataset_from_delimited_files.Rd:48: Lost braces; missing escapes or markup? 48 | we can define '/{Country}/{PartitionDate:yyyy/MM/dd}/data.csv' to create columns 'Country' | ^ checkRd: (-1) create_tabular_dataset_from_delimited_files.Rd:48: Lost braces; missing escapes or markup? 48 | we can define '/{Country}/{PartitionDate:yyyy/MM/dd}/data.csv' to create columns 'Country' | ^ checkRd: (-1) create_tabular_dataset_from_json_lines_files.Rd:32: Lost braces; missing escapes or markup? 32 | format '{x}' and datetime column from format '{x:yyyy/MM/dd/HH/mm/ss}', where 'yyyy', 'MM', | ^ checkRd: (-1) create_tabular_dataset_from_json_lines_files.Rd:32: Lost braces; missing escapes or markup? 32 | format '{x}' and datetime column from format '{x:yyyy/MM/dd/HH/mm/ss}', where 'yyyy', 'MM', | ^ checkRd: (-1) create_tabular_dataset_from_json_lines_files.Rd:36: Lost braces; missing escapes or markup? 36 | we can define '/{Country}/{PartitionDate:yyyy/MM/dd}/data.csv' to create columns 'Country' | ^ checkRd: (-1) create_tabular_dataset_from_json_lines_files.Rd:36: Lost braces; missing escapes or markup? 36 | we can define '/{Country}/{PartitionDate:yyyy/MM/dd}/data.csv' to create columns 'Country' | ^ checkRd: (-1) create_tabular_dataset_from_parquet_files.Rd:31: Lost braces; missing escapes or markup? 31 | format '{x}' and datetime column from format '{x:yyyy/MM/dd/HH/mm/ss}', where 'yyyy', 'MM', | ^ checkRd: (-1) create_tabular_dataset_from_parquet_files.Rd:31: Lost braces; missing escapes or markup? 31 | format '{x}' and datetime column from format '{x:yyyy/MM/dd/HH/mm/ss}', where 'yyyy', 'MM', | ^ checkRd: (-1) create_tabular_dataset_from_parquet_files.Rd:35: Lost braces; missing escapes or markup? 35 | we can define '/{Country}/{PartitionDate:yyyy/MM/dd}/data.csv' to create columns 'Country' | ^ checkRd: (-1) create_tabular_dataset_from_parquet_files.Rd:35: Lost braces; missing escapes or markup? 35 | we can define '/{Country}/{PartitionDate:yyyy/MM/dd}/data.csv' to create columns 'Country' | ^ checkRd: (-1) get_run_metrics.Rd:20: Lost braces 20 | \item{recursive}{If specified, returns runs matching specified \emph{"property"} or {\emph{"property"}: \emph{"value"}}.} | ^ checkRd: (-1) submit_child_run.Rd:14: Lost braces; missing escapes or markup? 14 | \item{tags}{Tags to be added to the submitted run, e.g., {"tag": "value"}.} | ^ Flavors: r-devel-linux-x86_64-debian-clang, r-devel-linux-x86_64-debian-gcc, r-devel-linux-x86_64-fedora-clang, r-devel-linux-x86_64-fedora-gcc, r-devel-windows-x86_64, r-patched-linux-x86_64, r-release-linux-x86_64, r-release-macos-arm64, r-release-windows-x86_64