CRAN Package Check Results for Package aws.ecx

Last updated on 2022-10-06 06:49:28 CEST.

Flavor Version Tinstall Tcheck Ttotal Status Flags
r-devel-linux-x86_64-debian-clang 1.0.5 16.79 153.80 170.59 NOTE
r-devel-linux-x86_64-debian-gcc 1.0.5 11.18 116.64 127.82 NOTE
r-devel-linux-x86_64-fedora-clang 1.0.5 232.51 NOTE
r-devel-linux-x86_64-fedora-gcc 1.0.5 229.13 NOTE
r-devel-windows-x86_64 1.0.5 346.00 306.00 652.00 NOTE
r-patched-linux-x86_64 1.0.5 23.46 124.63 148.09 OK
r-release-linux-x86_64 1.0.5 17.56 123.89 141.45 OK
r-release-macos-arm64 1.0.5 50.00 OK
r-release-macos-x86_64 1.0.5 77.00 OK
r-release-windows-x86_64 1.0.5 320.00 179.00 499.00 OK
r-oldrel-macos-arm64 1.0.5 54.00 OK
r-oldrel-macos-x86_64 1.0.5 76.00 OK
r-oldrel-windows-ix86+x86_64 1.0.5 37.00 188.00 225.00 OK

Check Details

Version: 1.0.5
Check: Rd files
Result: NOTE
    checkRd: (-1) ec2_create_security_group.Rd:66: Escaped LaTeX specials: \#
    checkRd: (-1) ec2_create_security_group.Rd:66: Escaped LaTeX specials: \$
    checkRd: (-1) ec2_create_security_group.Rd:79: Escaped LaTeX specials: \#
    checkRd: (-1) ec2_create_security_group.Rd:79: Escaped LaTeX specials: \$
Flavors: r-devel-linux-x86_64-debian-clang, r-devel-linux-x86_64-debian-gcc, r-devel-linux-x86_64-fedora-clang, r-devel-linux-x86_64-fedora-gcc, r-devel-windows-x86_64