Last updated on 2023-10-02 13:02:45 CEST.
Flavor | Version | Tinstall | Tcheck | Ttotal | Status | Flags |
---|---|---|---|---|---|---|
r-devel-linux-x86_64-debian-clang | 1.4.5 | 93.93 | 364.22 | 458.15 | NOTE | |
r-devel-linux-x86_64-debian-gcc | 1.4.5 | 70.24 | 291.67 | 361.91 | NOTE | |
r-devel-linux-x86_64-fedora-clang | 1.4.5 | 740.88 | NOTE | |||
r-devel-linux-x86_64-fedora-gcc | 1.4.5 | 1018.10 | NOTE | |||
r-devel-windows-x86_64 | 1.4.5 | 74.00 | 169.00 | 243.00 | NOTE | |
r-patched-linux-x86_64 | 1.4.5 | 89.04 | 356.13 | 445.17 | NOTE | |
r-release-linux-x86_64 | 1.4.5 | 98.09 | 265.35 | 363.44 | NOTE | |
r-release-macos-arm64 | 1.4.5 | 1137.00 | NOTE | |||
r-release-macos-x86_64 | 1.4.5 | 1803.00 | NOTE | |||
r-release-windows-x86_64 | 1.4.5 | 98.00 | 163.00 | 261.00 | NOTE | |
r-oldrel-macos-arm64 | 1.4.5 | 512.00 | NOTE | |||
r-oldrel-macos-x86_64 | 1.4.5 | 1803.00 | NOTE | |||
r-oldrel-windows-x86_64 | 1.4.5 | 93.00 | 183.00 | 276.00 | NOTE |
Version: 1.4.5
Check: C++ specification
Result: NOTE
Specified C++11: please drop specification unless essential
Flavors: r-devel-linux-x86_64-debian-clang, r-devel-linux-x86_64-debian-gcc, r-devel-linux-x86_64-fedora-clang, r-devel-linux-x86_64-fedora-gcc, r-devel-windows-x86_64, r-patched-linux-x86_64, r-release-linux-x86_64, r-release-macos-arm64, r-release-macos-x86_64, r-release-windows-x86_64
Version: 1.4.5
Check: for GNU extensions in Makefiles
Result: NOTE
GNU make is a SystemRequirements.
Flavors: r-devel-linux-x86_64-debian-clang, r-devel-linux-x86_64-debian-gcc, r-devel-linux-x86_64-fedora-clang, r-devel-linux-x86_64-fedora-gcc, r-devel-windows-x86_64, r-patched-linux-x86_64, r-release-linux-x86_64, r-release-macos-arm64, r-release-macos-x86_64, r-release-windows-x86_64, r-oldrel-macos-arm64, r-oldrel-macos-x86_64, r-oldrel-windows-x86_64
Version: 1.4.5
Check: re-building of vignette outputs
Result: NOTE
Re-building vignettes had CPU time 4.3 times elapsed time
Flavor: r-devel-linux-x86_64-debian-clang
Version: 1.4.5
Check: re-building of vignette outputs
Result: NOTE
Re-building vignettes had CPU time 3.4 times elapsed time
Flavor: r-devel-linux-x86_64-debian-gcc