CRAN Package Check Results for Package autocart

Last updated on 2022-10-01 13:51:25 CEST.

Flavor Version Tinstall Tcheck Ttotal Status Flags
r-devel-linux-x86_64-debian-clang 1.4.5 96.23 300.60 396.83 NOTE
r-devel-linux-x86_64-debian-gcc 1.4.5 76.46 230.64 307.10 NOTE
r-devel-linux-x86_64-fedora-clang 1.4.5 722.21 NOTE
r-devel-linux-x86_64-fedora-gcc 1.4.5 788.65 NOTE
r-devel-windows-x86_64 1.4.5 88.00 244.00 332.00 NOTE
r-patched-linux-x86_64 1.4.5 79.55 365.70 445.25 NOTE
r-release-linux-x86_64 1.4.5 81.24 294.98 376.22 NOTE
r-release-macos-arm64 1.4.5 512.00 NOTE
r-release-macos-x86_64 1.4.5 1803.00 NOTE
r-release-windows-x86_64 1.4.5 78.00 220.00 298.00 NOTE
r-oldrel-macos-arm64 1.4.5 1803.00 FAIL
r-oldrel-macos-x86_64 1.4.5 1476.00 WARN
r-oldrel-windows-ix86+x86_64 1.4.5 232.00 248.00 480.00 NOTE

Check Details

Version: 1.4.5
Check: for GNU extensions in Makefiles
Result: NOTE
    GNU make is a SystemRequirements.
Flavors: r-devel-linux-x86_64-debian-clang, r-devel-linux-x86_64-debian-gcc, r-devel-linux-x86_64-fedora-clang, r-devel-linux-x86_64-fedora-gcc, r-devel-windows-x86_64, r-patched-linux-x86_64, r-release-linux-x86_64, r-release-macos-arm64, r-release-macos-x86_64, r-release-windows-x86_64, r-oldrel-macos-arm64, r-oldrel-macos-x86_64, r-oldrel-windows-ix86+x86_64

Version: 1.4.5
Check: installed package size
Result: NOTE
     installed size is 5.1Mb
     sub-directories of 1Mb or more:
     libs 4.9Mb
Flavor: r-oldrel-macos-arm64

Version: 1.4.5
Check: re-building of vignette outputs
Result: FAIL
Flavor: r-oldrel-macos-arm64

Version: 1.4.5
Check: re-building of vignette outputs
Result: WARN
    Error(s) in re-building vignettes:
     ...
    --- re-building ‘autocart-intro.Rmd’ using rmarkdown
    Loading required package: fields
    Loading required package: spam
    Spam version 2.8-0 (2022-01-05) is loaded.
    Type 'help( Spam)' or 'demo( spam)' for a short introduction
    and overview of this package.
    Help for individual functions is also obtained by adding the
    suffix '.spam' to the function name, e.g. 'help( chol.spam)'.
    
    Attaching package: 'spam'
    
    The following objects are masked from 'package:base':
    
     backsolve, forwardsolve
    
    Loading required package: viridis
    Loading required package: viridisLite
    
    Try help(fields) to get started.
    Loading required package: mgcv
    Loading required package: nlme
    This is mgcv 1.8-40. For overview type 'help("mgcv-package")'.
Flavor: r-oldrel-macos-x86_64