CRAN Package Check Results for Package autoTS

Last updated on 2020-10-24 01:48:15 CEST.

Flavor Version Tinstall Tcheck Ttotal Status Flags
r-devel-linux-x86_64-debian-clang 0.9.11 3.16 71.98 75.14 OK
r-devel-linux-x86_64-debian-gcc 0.9.11 2.43 53.58 56.01 OK
r-devel-linux-x86_64-fedora-clang 0.9.11 97.29 NOTE
r-devel-linux-x86_64-fedora-gcc 0.9.11 89.15 NOTE
r-devel-windows-ix86+x86_64 0.9.11 11.00 100.00 111.00 OK
r-patched-linux-x86_64 0.9.11 0.52 2.67 3.19 ERROR
r-patched-solaris-x86 0.9.11 121.30 NOTE
r-release-linux-x86_64 0.9.11 2.89 69.40 72.29 OK
r-release-macos-x86_64 0.9.11 NOTE
r-release-windows-ix86+x86_64 0.9.11 10.00 94.00 104.00 OK
r-oldrel-macos-x86_64 0.9.11 NOTE
r-oldrel-windows-ix86+x86_64 0.9.11 6.00 102.00 108.00 OK

Check Details

Version: 0.9.11
Check: dependencies in R code
Result: NOTE
    Namespaces in Imports field not imported from:
     ‘plotly’ ‘shinycssloaders’
     All declared Imports should be used.
Flavors: r-devel-linux-x86_64-fedora-clang, r-devel-linux-x86_64-fedora-gcc, r-patched-solaris-x86, r-release-macos-x86_64, r-oldrel-macos-x86_64

Version: 0.9.11
Check: package dependencies
Result: ERROR
    Package required but not available: ‘prophet’
    
    See section ‘The DESCRIPTION file’ in the ‘Writing R Extensions’
    manual.
Flavor: r-patched-linux-x86_64