CRAN Package Check Results for Package autoRasch

Last updated on 2024-06-17 21:51:37 CEST.

Flavor Version Tinstall Tcheck Ttotal Status Flags
r-devel-linux-x86_64-debian-clang 0.2.2 39.65 90.55 130.20 NOTE
r-devel-linux-x86_64-debian-gcc 0.2.2 29.66 143.17 172.83 NOTE
r-devel-linux-x86_64-fedora-clang 0.2.2 203.23 NOTE
r-devel-linux-x86_64-fedora-gcc 0.2.2 207.05 NOTE
r-devel-windows-x86_64 0.2.2 35.00 112.00 147.00 NOTE
r-patched-linux-x86_64 0.2.2 34.53 142.66 177.19 NOTE
r-release-linux-x86_64 0.2.2 38.09 143.01 181.10 NOTE
r-release-macos-arm64 0.2.2 53.00 NOTE
r-release-macos-x86_64 0.2.2 82.00 NOTE
r-release-windows-x86_64 0.2.2 35.00 113.00 148.00 NOTE
r-oldrel-macos-arm64 0.2.2 55.00 NOTE
r-oldrel-macos-x86_64 0.2.2 88.00 NOTE
r-oldrel-windows-x86_64 0.2.2 42.00 138.00 180.00 NOTE

Check Details

Version: 0.2.2
Check: C++ specification
Result: NOTE Specified C++11: please drop specification unless essential Flavors: r-devel-linux-x86_64-debian-clang, r-devel-linux-x86_64-debian-gcc, r-devel-linux-x86_64-fedora-clang, r-devel-linux-x86_64-fedora-gcc, r-devel-windows-x86_64, r-patched-linux-x86_64, r-release-linux-x86_64, r-release-macos-arm64, r-release-macos-x86_64, r-release-windows-x86_64, r-oldrel-macos-arm64, r-oldrel-macos-x86_64, r-oldrel-windows-x86_64

Version: 0.2.2
Check: Rd files
Result: NOTE checkRd: (-1) autoRaschOptions.Rd:42: Lost braces in \itemize; meant \describe ? checkRd: (-1) autoRaschOptions.Rd:43: Lost braces in \itemize; meant \describe ? checkRd: (-1) autoRaschOptions.Rd:44: Lost braces in \itemize; meant \describe ? checkRd: (-1) autoRaschOptions.Rd:45: Lost braces in \itemize; meant \describe ? checkRd: (-1) autoRaschOptions.Rd:46: Lost braces in \itemize; meant \describe ? checkRd: (-1) autoRaschOptions.Rd:47: Lost braces in \itemize; meant \describe ? checkRd: (-1) fit.Rd:40: Lost braces 40 | \emph{i.fit}{ Item fit statistics.} | ^ checkRd: (-1) fit.Rd:42: Lost braces in \itemize; \value handles \item{}{} directly checkRd: (-1) fit.Rd:43: Lost braces in \itemize; \value handles \item{}{} directly checkRd: (-1) fit.Rd:44: Lost braces in \itemize; \value handles \item{}{} directly checkRd: (-1) fit.Rd:45: Lost braces in \itemize; \value handles \item{}{} directly checkRd: (-1) fit.Rd:47: Lost braces 47 | \emph{p.fit}{ Person fit statistics.} | ^ checkRd: (-1) fit.Rd:49: Lost braces in \itemize; \value handles \item{}{} directly checkRd: (-1) fit.Rd:50: Lost braces in \itemize; \value handles \item{}{} directly checkRd: (-1) fit.Rd:51: Lost braces in \itemize; \value handles \item{}{} directly checkRd: (-1) fit.Rd:52: Lost braces in \itemize; \value handles \item{}{} directly checkRd: (-1) fit.Rd:54: Lost braces 54 | \emph{traceMat}{ Some computed matrices in the process. Only if \code{isTraced = TRUE}} | ^ checkRd: (-1) fit.Rd:56: Lost braces in \itemize; \value handles \item{}{} directly checkRd: (-1) fit.Rd:57: Lost braces in \itemize; \value handles \item{}{} directly checkRd: (-1) fit.Rd:58: Lost braces in \itemize; \value handles \item{}{} directly checkRd: (-1) fit.Rd:59: Lost braces in \itemize; \value handles \item{}{} directly checkRd: (-1) pcm.Rd:51: Lost braces 51 | \emph{i.fit}{ Item fit statistics.} | ^ checkRd: (-1) pcm.Rd:53: Lost braces in \itemize; \value handles \item{}{} directly checkRd: (-1) pcm.Rd:54: Lost braces in \itemize; \value handles \item{}{} directly checkRd: (-1) pcm.Rd:55: Lost braces in \itemize; \value handles \item{}{} directly checkRd: (-1) pcm.Rd:56: Lost braces in \itemize; \value handles \item{}{} directly checkRd: (-1) pcm.Rd:58: Lost braces 58 | \emph{p.fit}{ Person fit statistics.} | ^ checkRd: (-1) pcm.Rd:60: Lost braces in \itemize; \value handles \item{}{} directly checkRd: (-1) pcm.Rd:61: Lost braces in \itemize; \value handles \item{}{} directly checkRd: (-1) pcm.Rd:62: Lost braces in \itemize; \value handles \item{}{} directly checkRd: (-1) pcm.Rd:63: Lost braces in \itemize; \value handles \item{}{} directly checkRd: (-1) pcm.Rd:65: Lost braces 65 | \emph{traceMat}{ Some computed matrices in the process.} | ^ checkRd: (-1) pcm.Rd:67: Lost braces in \itemize; \value handles \item{}{} directly checkRd: (-1) pcm.Rd:68: Lost braces in \itemize; \value handles \item{}{} directly checkRd: (-1) pcm.Rd:69: Lost braces in \itemize; \value handles \item{}{} directly checkRd: (-1) pcm.Rd:70: Lost braces in \itemize; \value handles \item{}{} directly checkRd: (-1) pcm_dif.Rd:59: Lost braces 59 | \emph{i.fit}{ Item fit statistics.} | ^ checkRd: (-1) pcm_dif.Rd:61: Lost braces in \itemize; \value handles \item{}{} directly checkRd: (-1) pcm_dif.Rd:62: Lost braces in \itemize; \value handles \item{}{} directly checkRd: (-1) pcm_dif.Rd:63: Lost braces in \itemize; \value handles \item{}{} directly checkRd: (-1) pcm_dif.Rd:64: Lost braces in \itemize; \value handles \item{}{} directly checkRd: (-1) pcm_dif.Rd:66: Lost braces 66 | \emph{p.fit}{ Person fit statistics.} | ^ checkRd: (-1) pcm_dif.Rd:68: Lost braces in \itemize; \value handles \item{}{} directly checkRd: (-1) pcm_dif.Rd:69: Lost braces in \itemize; \value handles \item{}{} directly checkRd: (-1) pcm_dif.Rd:70: Lost braces in \itemize; \value handles \item{}{} directly checkRd: (-1) pcm_dif.Rd:71: Lost braces in \itemize; \value handles \item{}{} directly checkRd: (-1) pcm_dif.Rd:73: Lost braces 73 | \emph{traceMat}{ Some computed matrices in the process.} | ^ checkRd: (-1) pcm_dif.Rd:75: Lost braces in \itemize; \value handles \item{}{} directly checkRd: (-1) pcm_dif.Rd:76: Lost braces in \itemize; \value handles \item{}{} directly checkRd: (-1) pcm_dif.Rd:77: Lost braces in \itemize; \value handles \item{}{} directly checkRd: (-1) pcm_dif.Rd:78: Lost braces in \itemize; \value handles \item{}{} directly checkRd: (-1) reliability.Rd:24: Lost braces in \itemize; \value handles \item{}{} directly checkRd: (-1) reliability.Rd:25: Lost braces in \itemize; \value handles \item{}{} directly checkRd: (-1) reliability.Rd:26: Lost braces in \itemize; \value handles \item{}{} directly checkRd: (-1) reliability.Rd:27: Lost braces in \itemize; \value handles \item{}{} directly checkRd: (-1) reliability.Rd:31: Lost braces in \itemize; \value handles \item{}{} directly checkRd: (-1) reliability.Rd:32: Lost braces in \itemize; \value handles \item{}{} directly checkRd: (-1) reliability.Rd:33: Lost braces in \itemize; \value handles \item{}{} directly checkRd: (-1) reliability.Rd:34: Lost braces in \itemize; \value handles \item{}{} directly checkRd: (-1) reliability.Rd:35: Lost braces in \itemize; \value handles \item{}{} directly checkRd: (-1) reliability.Rd:36: Lost braces in \itemize; \value handles \item{}{} directly checkRd: (-1) reliability.Rd:37: Lost braces in \itemize; \value handles \item{}{} directly checkRd: (-1) reliability.Rd:38: Lost braces in \itemize; \value handles \item{}{} directly Flavors: r-devel-linux-x86_64-debian-clang, r-devel-linux-x86_64-debian-gcc, r-devel-linux-x86_64-fedora-clang, r-devel-linux-x86_64-fedora-gcc, r-devel-windows-x86_64, r-patched-linux-x86_64, r-release-linux-x86_64, r-release-macos-arm64, r-release-macos-x86_64, r-release-windows-x86_64