CRAN Package Check Results for Package autoMrP

Last updated on 2022-08-13 07:11:29 CEST.

Flavor Version Tinstall Tcheck Ttotal Status Flags
r-devel-linux-x86_64-debian-clang 1.0.2 9.15 85.39 94.54 OK
r-devel-linux-x86_64-debian-gcc 1.0.2 7.61 62.88 70.49 OK
r-devel-linux-x86_64-fedora-clang 1.0.2 120.07 NOTE
r-devel-linux-x86_64-fedora-gcc 1.0.2 116.35 NOTE
r-devel-windows-x86_64 1.0.2 31.00 104.00 135.00 OK
r-patched-linux-x86_64 1.0.2 9.03 76.75 85.78 OK
r-release-linux-x86_64 1.0.2 7.62 76.89 84.51 OK
r-release-macos-arm64 1.0.2 35.00 NOTE
r-release-macos-x86_64 1.0.2 60.00 NOTE
r-release-windows-x86_64 1.0.2 40.00 103.00 143.00 OK
r-oldrel-macos-arm64 1.0.2 35.00 NOTE
r-oldrel-macos-x86_64 1.0.2 43.00 NOTE
r-oldrel-windows-ix86+x86_64 1.0.2 23.00 99.00 122.00 OK

Additional issues

donttest

Check Details

Version: 1.0.2
Check: dependencies in R code
Result: NOTE
    Namespace in Imports field not imported from: ‘R.rsp’
     All declared Imports should be used.
Flavors: r-devel-linux-x86_64-fedora-clang, r-devel-linux-x86_64-fedora-gcc, r-release-macos-arm64, r-release-macos-x86_64, r-oldrel-macos-arm64, r-oldrel-macos-x86_64