CRAN Package Check Results for Package autoMFA

Last updated on 2022-08-12 21:52:56 CEST.

Flavor Version Tinstall Tcheck Ttotal Status Flags
r-devel-linux-x86_64-debian-clang 1.0.0 7.65 75.91 83.56 OK
r-devel-linux-x86_64-debian-gcc 1.0.0 7.10 54.13 61.23 OK
r-devel-linux-x86_64-fedora-clang 1.0.0 109.51 NOTE
r-devel-linux-x86_64-fedora-gcc 1.0.0 106.95 NOTE
r-devel-windows-x86_64 1.0.0 12.00 92.00 104.00 OK
r-patched-linux-x86_64 1.0.0 7.63 72.18 79.81 OK
r-release-linux-x86_64 1.0.0 9.18 71.89 81.07 OK
r-release-macos-arm64 1.0.0 31.00 NOTE
r-release-macos-x86_64 1.0.0 40.00 NOTE
r-release-windows-x86_64 1.0.0 12.00 93.00 105.00 OK
r-oldrel-macos-arm64 1.0.0 35.00 NOTE
r-oldrel-macos-x86_64 1.0.0 42.00 NOTE
r-oldrel-windows-ix86+x86_64 1.0.0 16.00 92.00 108.00 OK

Check Details

Version: 1.0.0
Check: dependencies in R code
Result: NOTE
    Namespace in Imports field not imported from: ‘usethis’
     All declared Imports should be used.
Flavors: r-devel-linux-x86_64-fedora-clang, r-devel-linux-x86_64-fedora-gcc, r-release-macos-arm64, r-release-macos-x86_64, r-oldrel-macos-arm64, r-oldrel-macos-x86_64