CRAN Package Check Results for Package autoFRK

Last updated on 2022-09-26 21:52:52 CEST.

Flavor Version Tinstall Tcheck Ttotal Status Flags
r-devel-linux-x86_64-debian-clang 1.4.3 76.77 144.64 221.41 OK
r-devel-linux-x86_64-debian-gcc 1.4.3 59.59 107.26 166.85 OK
r-devel-linux-x86_64-fedora-clang 1.4.3 278.97 OK
r-devel-linux-x86_64-fedora-gcc 1.4.3 289.97 OK
r-devel-windows-x86_64 1.4.3 68.00 183.00 251.00 OK
r-patched-linux-x86_64 1.4.3 60.70 134.15 194.85 OK
r-release-linux-x86_64 1.4.3 52.28 134.43 186.71 OK
r-release-macos-arm64 1.4.3 69.00 NOTE
r-release-macos-x86_64 1.4.3 118.00 NOTE
r-release-windows-x86_64 1.4.3 65.00 183.00 248.00 OK
r-oldrel-macos-arm64 1.4.3 82.00 NOTE
r-oldrel-macos-x86_64 1.4.3 103.00 NOTE
r-oldrel-windows-ix86+x86_64 1.4.3 148.00 210.00 358.00 OK

Check Details

Version: 1.4.3
Check: installed package size
Result: NOTE
     installed size is 18.3Mb
     sub-directories of 1Mb or more:
     libs 18.0Mb
Flavors: r-release-macos-arm64, r-release-macos-x86_64, r-oldrel-macos-arm64, r-oldrel-macos-x86_64