CRAN Package Check Results for Package auth0

Last updated on 2022-08-20 01:49:52 CEST.

Flavor Version Tinstall Tcheck Ttotal Status Flags
r-devel-linux-x86_64-debian-clang 0.2.1 2.04 26.13 28.17 NOTE
r-devel-linux-x86_64-debian-gcc 0.2.1 1.61 20.42 22.03 NOTE
r-devel-linux-x86_64-fedora-clang 0.2.1 46.29 NOTE
r-devel-linux-x86_64-fedora-gcc 0.2.1 43.71 NOTE
r-devel-windows-x86_64 0.2.1 21.00 59.00 80.00 NOTE
r-patched-linux-x86_64 0.2.1 1.69 25.52 27.21 NOTE
r-release-linux-x86_64 0.2.1 NOTE
r-release-macos-arm64 0.2.1 15.00 NOTE
r-release-macos-x86_64 0.2.1 22.00 NOTE
r-release-windows-x86_64 0.2.1 15.00 53.00 68.00 NOTE
r-oldrel-macos-arm64 0.2.1 21.00 NOTE
r-oldrel-macos-x86_64 0.2.1 36.00 NOTE
r-oldrel-windows-ix86+x86_64 0.2.1 6.00 49.00 55.00 NOTE

Additional issues

donttest

Check Details

Version: 0.2.1
Check: LazyData
Result: NOTE
     'LazyData' is specified without a 'data' directory
Flavors: r-devel-linux-x86_64-debian-clang, r-devel-linux-x86_64-debian-gcc, r-devel-linux-x86_64-fedora-clang, r-devel-linux-x86_64-fedora-gcc, r-devel-windows-x86_64, r-patched-linux-x86_64, r-release-linux-x86_64, r-release-macos-arm64, r-release-macos-x86_64, r-release-windows-x86_64, r-oldrel-macos-arm64, r-oldrel-macos-x86_64, r-oldrel-windows-ix86+x86_64