CRAN Package Check Results for Package attachment

Last updated on 2022-09-29 12:55:21 CEST.

Flavor Version Tinstall Tcheck Ttotal Status Flags
r-devel-linux-x86_64-debian-clang 0.3.0 3.74 90.08 93.82 OK
r-devel-linux-x86_64-debian-gcc 0.3.0 4.01 67.14 71.15 OK
r-devel-linux-x86_64-fedora-clang 0.3.0 123.65 OK
r-devel-linux-x86_64-fedora-gcc 0.3.0 125.72 NOTE
r-devel-windows-x86_64 0.3.0 23.00 141.00 164.00 OK
r-patched-linux-x86_64 0.3.0 5.34 83.63 88.97 OK
r-release-linux-x86_64 0.3.0 4.29 83.91 88.20 OK
r-release-macos-arm64 0.3.0 42.00 OK
r-release-macos-x86_64 0.3.0 57.00 OK
r-release-windows-x86_64 0.3.0 32.00 144.00 176.00 OK
r-oldrel-macos-arm64 0.3.0 52.00 OK
r-oldrel-macos-x86_64 0.3.0 59.00 OK
r-oldrel-windows-ix86+x86_64 0.3.0 12.00 145.00 157.00 WARN

Check Details

Version: 0.3.0
Check: for non-standard things in the check directory
Result: NOTE
    Found the following files/directories:
     ‘extrapackage’
Flavor: r-devel-linux-x86_64-fedora-gcc

Version: 0.3.0
Check: for unstated dependencies in ‘tests’
Result: WARN
    Warning: unable to access index for repository https://bioconductor.org/packages/3.14/bioc/src/contrib:
     cannot open URL 'https://bioconductor.org/packages/3.14/bioc/src/contrib/PACKAGES'
    Warning: unable to access index for repository https://bioconductor.org/packages/3.14/data/annotation/src/contrib:
     cannot open URL 'https://bioconductor.org/packages/3.14/data/annotation/src/contrib/PACKAGES'
    Warning: unable to access index for repository https://bioconductor.org/packages/3.14/data/experiment/src/contrib:
     cannot open URL 'https://bioconductor.org/packages/3.14/data/experiment/src/contrib/PACKAGES'
Flavor: r-oldrel-windows-ix86+x86_64