CRAN Package Check Results for Package assertive.base

Last updated on 2020-07-08 07:52:16 CEST.

Flavor Version Tinstall Tcheck Ttotal Status Flags
r-devel-linux-x86_64-debian-clang 0.0-7 2.65 27.59 30.24 OK
r-devel-linux-x86_64-debian-gcc 0.0-7 2.27 21.76 24.03 OK
r-devel-linux-x86_64-fedora-clang 0.0-7 45.37 NOTE
r-devel-linux-x86_64-fedora-gcc 0.0-7 36.03 OK
r-devel-windows-ix86+x86_64 0.0-7 7.00 46.00 53.00 OK
r-patched-linux-x86_64 0.0-7 2.40 27.67 30.07 OK
r-patched-solaris-x86 0.0-7 53.00 OK
r-release-linux-x86_64 0.0-7 2.73 27.47 30.20 OK
r-release-osx-x86_64 0.0-7 OK
r-release-windows-ix86+x86_64 0.0-7 6.00 42.00 48.00 OK
r-oldrel-osx-x86_64 0.0-7 OK
r-oldrel-windows-ix86+x86_64 0.0-7 6.00 57.00 63.00 OK

Check Details

Version: 0.0-7
Check: Rd cross-references
Result: NOTE
    Undeclared packages ‘assertive.properties’, ‘assertive.types’ in Rd xrefs
Flavor: r-devel-linux-x86_64-fedora-clang