Last updated on 2022-08-07 18:48:52 CEST.
Flavor | Version | Tinstall | Tcheck | Ttotal | Status | Flags |
---|---|---|---|---|---|---|
r-devel-linux-x86_64-debian-clang | 1.7-3 | 32.22 | 182.88 | 215.10 | OK | |
r-devel-linux-x86_64-debian-gcc | 1.7-3 | 23.15 | 139.21 | 162.36 | OK | |
r-devel-linux-x86_64-fedora-clang | 1.7-3 | 261.72 | NOTE | |||
r-devel-linux-x86_64-fedora-gcc | 1.7-3 | 259.82 | OK | |||
r-devel-windows-x86_64 | 1.7-3 | 95.00 | 255.00 | 350.00 | OK | |
r-patched-linux-x86_64 | 1.7-3 | 28.11 | 170.61 | 198.72 | OK | |
r-release-linux-x86_64 | 1.7-3 | 29.43 | 172.36 | 201.79 | OK | |
r-release-macos-arm64 | 1.7-3 | 80.00 | OK | |||
r-release-macos-x86_64 | 1.7-3 | 107.00 | OK | |||
r-release-windows-x86_64 | 1.7-3 | 105.00 | 238.00 | 343.00 | OK | |
r-oldrel-macos-arm64 | 1.7-3 | 85.00 | OK | |||
r-oldrel-macos-x86_64 | 1.7-3 | 107.00 | OK | |||
r-oldrel-windows-ix86+x86_64 | 1.7-3 | 67.00 | 301.00 | 368.00 | OK |
Version: 1.7-3
Check: Rd cross-references
Result: NOTE
Undeclared package ‘proxy’ in Rd xrefs
Flavor: r-devel-linux-x86_64-fedora-clang