CRAN Package Check Results for Package aroma.core

Last updated on 2020-09-21 01:53:02 CEST.

Flavor Version Tinstall Tcheck Ttotal Status Flags
r-devel-linux-x86_64-debian-clang 3.2.1 31.49 171.01 202.50 NOTE
r-devel-linux-x86_64-debian-gcc 3.2.1 25.30 128.31 153.61 NOTE
r-devel-linux-x86_64-fedora-clang 3.2.1 257.94 NOTE
r-devel-linux-x86_64-fedora-gcc 3.2.1 259.00 NOTE
r-devel-windows-ix86+x86_64 3.2.1 50.00 167.00 217.00 NOTE
r-patched-linux-x86_64 3.2.1 29.61 170.91 200.52 NOTE
r-patched-solaris-x86 3.2.1 310.30 NOTE
r-release-linux-x86_64 3.2.1 30.82 170.95 201.77 NOTE
r-release-macos-x86_64 3.2.1 NOTE
r-release-windows-ix86+x86_64 3.2.1 52.00 156.00 208.00 NOTE
r-oldrel-macos-x86_64 3.2.1 NOTE
r-oldrel-windows-ix86+x86_64 3.2.1 30.00 186.00 216.00 NOTE

Check Details

Version: 3.2.1
Check: package dependencies
Result: NOTE
    Packages suggested but not available for checking:
     'sfit', 'expectile', 'HaarSeg', 'mpcbs'
Flavors: r-devel-linux-x86_64-debian-clang, r-devel-linux-x86_64-debian-gcc, r-devel-linux-x86_64-fedora-clang, r-devel-linux-x86_64-fedora-gcc, r-devel-windows-ix86+x86_64, r-patched-linux-x86_64, r-patched-solaris-x86, r-release-linux-x86_64, r-release-windows-ix86+x86_64, r-oldrel-windows-ix86+x86_64

Version: 3.2.1
Check: package dependencies
Result: NOTE
    Packages suggested but not available for checking:
     'GLAD', 'sfit', 'expectile', 'HaarSeg', 'mpcbs'
Flavors: r-release-macos-x86_64, r-oldrel-macos-x86_64

Version: 3.2.1
Check: Rd cross-references
Result: NOTE
    Package unavailable to check Rd xrefs: ‘GLAD’
Flavors: r-release-macos-x86_64, r-oldrel-macos-x86_64