CRAN Package Check Results for Package aroma.cn

Last updated on 2022-10-06 12:55:18 CEST.

Flavor Version Tinstall Tcheck Ttotal Status Flags
r-devel-linux-x86_64-debian-clang 1.7.0 13.33 92.17 105.50 OK
r-devel-linux-x86_64-debian-gcc 1.7.0 10.32 69.19 79.51 OK
r-devel-linux-x86_64-fedora-clang 1.7.0 145.46 OK
r-devel-linux-x86_64-fedora-gcc 1.7.0 134.15 OK
r-devel-windows-x86_64 1.7.0 204.00 123.00 327.00 OK
r-patched-linux-x86_64 1.7.0 10.79 86.64 97.43 OK
r-release-linux-x86_64 1.7.0 13.39 87.26 100.65 OK
r-release-macos-arm64 1.7.0 39.00 OK
r-release-macos-x86_64 1.7.0 50.00 OK
r-release-windows-x86_64 1.7.0 142.00 111.00 253.00 OK
r-oldrel-macos-arm64 1.7.0 33.00 NOTE
r-oldrel-macos-x86_64 1.7.0 50.00 OK
r-oldrel-windows-ix86+x86_64 1.7.0 26.00 110.00 136.00 OK

Check Details

Version: 1.7.0
Check: package dependencies
Result: NOTE
    Package suggested but not available for checking: ‘GLAD’
Flavor: r-oldrel-macos-arm64