CRAN Package Check Results for Package aroma.cn

Last updated on 2020-10-24 07:49:39 CEST.

Flavor Version Tinstall Tcheck Ttotal Status Flags
r-devel-linux-x86_64-debian-clang 1.6.1 11.96 84.93 96.89 OK
r-devel-linux-x86_64-debian-gcc 1.6.1 10.57 65.32 75.89 OK
r-devel-linux-x86_64-fedora-clang 1.6.1 130.10 OK
r-devel-linux-x86_64-fedora-gcc 1.6.1 118.93 OK
r-devel-windows-ix86+x86_64 1.6.1 23.00 103.00 126.00 OK
r-patched-linux-x86_64 1.6.1 13.45 80.06 93.51 OK
r-patched-solaris-x86 1.6.1 156.50 OK
r-release-linux-x86_64 1.6.1 11.62 79.46 91.08 OK
r-release-macos-x86_64 1.6.1 NOTE
r-release-windows-ix86+x86_64 1.6.1 21.00 98.00 119.00 OK
r-oldrel-macos-x86_64 1.6.1 NOTE
r-oldrel-windows-ix86+x86_64 1.6.1 22.00 101.00 123.00 OK

Check Details

Version: 1.6.1
Check: package dependencies
Result: NOTE
    Package suggested but not available for checking: ‘GLAD’
Flavors: r-release-macos-x86_64, r-oldrel-macos-x86_64