CRAN Package Check Results for Package armada

Last updated on 2020-08-10 22:49:21 CEST.

Flavor Version Tinstall Tcheck Ttotal Status Flags
r-devel-linux-x86_64-debian-clang 0.1.0 10.06 115.65 125.71 OK
r-devel-linux-x86_64-debian-gcc 0.1.0 8.39 87.87 96.26 OK
r-devel-linux-x86_64-fedora-clang 0.1.0 155.68 NOTE
r-devel-linux-x86_64-fedora-gcc 0.1.0 144.10 NOTE
r-devel-windows-ix86+x86_64 0.1.0 24.00 166.00 190.00 OK
r-patched-linux-x86_64 0.1.0 10.40 112.36 122.76 OK
r-patched-solaris-x86 0.1.0 227.10 NOTE
r-release-linux-x86_64 0.1.0 10.38 112.16 122.54 OK
r-release-macos-x86_64 0.1.0 NOTE
r-release-windows-ix86+x86_64 0.1.0 35.00 124.00 159.00 OK
r-oldrel-macos-x86_64 0.1.0 NOTE
r-oldrel-windows-ix86+x86_64 0.1.0 21.00 156.00 177.00 OK

Check Details

Version: 0.1.0
Check: dependencies in R code
Result: NOTE
    Namespace in Imports field not imported from: ‘mvtnorm’
     All declared Imports should be used.
Flavors: r-devel-linux-x86_64-fedora-clang, r-devel-linux-x86_64-fedora-gcc, r-patched-solaris-x86, r-release-macos-x86_64, r-oldrel-macos-x86_64