CRAN Package Check Results for Package archive

Last updated on 2022-09-27 00:50:57 CEST.

Flavor Version Tinstall Tcheck Ttotal Status Flags
r-devel-linux-x86_64-debian-clang 1.1.5 27.30 49.84 77.14 OK
r-devel-linux-x86_64-debian-gcc 1.1.5 22.45 37.63 60.08 OK
r-devel-linux-x86_64-fedora-clang 1.1.5 119.32 OK
r-devel-linux-x86_64-fedora-gcc 1.1.5 110.09 OK
r-devel-windows-x86_64 1.1.5 47.00 96.00 143.00 OK
r-patched-linux-x86_64 1.1.5 25.65 46.30 71.95 OK
r-release-linux-x86_64 1.1.5 22.29 46.56 68.85 OK
r-release-macos-arm64 1.1.5 32.00 OK
r-release-macos-x86_64 1.1.5 45.00 OK
r-release-windows-x86_64 1.1.5 42.00 91.00 133.00 OK
r-oldrel-macos-arm64 1.1.5 31.00 OK
r-oldrel-macos-x86_64 1.1.5 42.00 OK
r-oldrel-windows-ix86+x86_64 1.1.5 107.00 100.00 207.00 NOTE

Check Details

Version: 1.1.5
Check: installed package size
Result: NOTE
     installed size is 6.8Mb
     sub-directories of 1Mb or more:
     libs 6.1Mb
Flavor: r-oldrel-windows-ix86+x86_64