CRAN Package Check Results for Package archdata

Last updated on 2020-05-30 13:51:18 CEST.

Flavor Version Tinstall Tcheck Ttotal Status Flags
r-devel-linux-x86_64-debian-clang 1.2 1.94 38.02 39.96 OK
r-devel-linux-x86_64-debian-gcc 1.2 1.47 30.02 31.49 OK
r-devel-linux-x86_64-fedora-clang 1.2 48.05 NOTE
r-devel-linux-x86_64-fedora-gcc 1.2 46.55 NOTE
r-devel-windows-ix86+x86_64 1.2 7.00 79.00 86.00 OK
r-patched-linux-x86_64 1.2 1.74 38.06 39.80 OK
r-patched-solaris-x86 1.2 76.90 NOTE
r-release-linux-x86_64 1.2 1.91 37.67 39.58 OK
r-release-osx-x86_64 1.2 NOTE
r-release-windows-ix86+x86_64 1.2 5.00 76.00 81.00 OK
r-oldrel-osx-x86_64 1.2 NOTE
r-oldrel-windows-ix86+x86_64 1.2 5.00 62.00 67.00 OK

Check Details

Version: 1.2
Check: data for non-ASCII characters
Result: NOTE
     Note: found 76 marked Latin-1 strings
Flavors: r-devel-linux-x86_64-fedora-clang, r-devel-linux-x86_64-fedora-gcc, r-patched-solaris-x86, r-release-osx-x86_64, r-oldrel-osx-x86_64