CRAN Package Check Results for Package ar.matrix

Last updated on 2020-10-21 13:49:48 CEST.

Flavor Version Tinstall Tcheck Ttotal Status Flags
r-devel-linux-x86_64-debian-clang 0.1.0 2.52 29.94 32.46 OK
r-devel-linux-x86_64-debian-gcc 0.1.0 2.08 23.58 25.66 OK
r-devel-linux-x86_64-fedora-clang 0.1.0 49.38 NOTE
r-devel-linux-x86_64-fedora-gcc 0.1.0 37.92 NOTE
r-devel-windows-ix86+x86_64 0.1.0 5.00 59.00 64.00 OK
r-patched-linux-x86_64 0.1.0 2.40 28.78 31.18 OK
r-patched-solaris-x86 0.1.0 56.90 NOTE
r-release-linux-x86_64 0.1.0 2.39 29.05 31.44 OK
r-release-macos-x86_64 0.1.0 NOTE
r-release-windows-ix86+x86_64 0.1.0 4.00 53.00 57.00 OK
r-oldrel-macos-x86_64 0.1.0 NOTE
r-oldrel-windows-ix86+x86_64 0.1.0 4.00 57.00 61.00 OK

Check Details

Version: 0.1.0
Check: dependencies in R code
Result: NOTE
    Namespace in Imports field not imported from: ‘sp’
     All declared Imports should be used.
Flavors: r-devel-linux-x86_64-fedora-clang, r-devel-linux-x86_64-fedora-gcc, r-patched-solaris-x86, r-release-macos-x86_64, r-oldrel-macos-x86_64