CRAN Package Check Results for Package apsimx

Last updated on 2024-06-14 00:53:35 CEST.

Flavor Version Tinstall Tcheck Ttotal Status Flags
r-devel-linux-x86_64-debian-clang 2.7.7 31.40 252.45 283.85 OK
r-devel-linux-x86_64-debian-gcc 2.7.7 1.02 1.90 2.92 ERROR
r-devel-linux-x86_64-fedora-clang 2.7.7 263.65 NOTE
r-devel-linux-x86_64-fedora-gcc 2.7.7 325.14 OK
r-devel-windows-x86_64 2.7.7 24.00 195.00 219.00 NOTE
r-patched-linux-x86_64 2.7.7 30.95 232.42 263.37 OK
r-release-linux-x86_64 2.7.7 24.26 230.49 254.75 OK
r-release-macos-arm64 2.7.7 115.00 NOTE
r-release-macos-x86_64 2.7.7 143.00 NOTE
r-release-windows-x86_64 2.7.7 25.00 194.00 219.00 NOTE
r-oldrel-macos-arm64 2.7.7 128.00 NOTE
r-oldrel-macos-x86_64 2.7.7 242.00 NOTE
r-oldrel-windows-x86_64 2.7.7 29.00 242.00 271.00 NOTE

Check Details

Version: 2.7.7
Check: package dependencies
Result: ERROR Package required but not available: ‘RSQLite’ Packages suggested but not available for checking: 'BayesianTools', 'daymetr', 'FedData', 'ggplot2', 'metrica', 'nasapower', 'nloptr', 'sensitivity', 'soilDB' See section ‘The DESCRIPTION file’ in the ‘Writing R Extensions’ manual. Flavor: r-devel-linux-x86_64-debian-gcc

Version: 2.7.7
Check: installed package size
Result: NOTE installed size is 7.1Mb sub-directories of 1Mb or more: extdata 5.5Mb Flavors: r-devel-linux-x86_64-fedora-clang, r-devel-windows-x86_64, r-release-macos-arm64, r-release-macos-x86_64, r-release-windows-x86_64, r-oldrel-macos-arm64, r-oldrel-macos-x86_64, r-oldrel-windows-x86_64