Last updated on 2025-01-18 12:54:18 CET.
Flavor | Version | Tinstall | Tcheck | Ttotal | Status | Flags |
---|---|---|---|---|---|---|
r-devel-linux-x86_64-debian-clang | 0.3.4 | 67.66 | 214.19 | 281.85 | NOTE | |
r-devel-linux-x86_64-debian-gcc | 0.3.4 | 46.18 | 134.17 | 180.35 | NOTE | |
r-devel-linux-x86_64-fedora-clang | 0.3.4 | 495.24 | OK | |||
r-devel-linux-x86_64-fedora-gcc | 0.3.4 | 463.44 | OK | |||
r-devel-windows-x86_64 | 0.3.4 | 74.00 | 203.00 | 277.00 | OK | |
r-patched-linux-x86_64 | 0.3.4 | 67.42 | 198.88 | 266.30 | NOTE | |
r-release-linux-x86_64 | 0.3.4 | 70.06 | 200.37 | 270.43 | NOTE | |
r-release-macos-arm64 | 0.3.4 | 112.00 | OK | |||
r-release-macos-x86_64 | 0.3.4 | 211.00 | OK | |||
r-release-windows-x86_64 | 0.3.4 | 72.00 | 205.00 | 277.00 | OK | |
r-oldrel-macos-arm64 | 0.3.4 | 120.00 | OK | |||
r-oldrel-macos-x86_64 | 0.3.4 | 190.00 | OK | |||
r-oldrel-windows-x86_64 | 0.3.4 | 80.00 | 266.00 | 346.00 | OK |
Version: 0.3.4
Check: R code for possible problems
Result: NOTE
Found the following calls to attach():
File ‘apollo/R/apollo_attach.R’:
attach(as.list(apollo_beta), warn.conflicts = FALSE)
attach(database, warn.conflicts = FALSE)
attach(draws, warn.conflicts = FALSE)
attach(randcoeff, warn.conflicts = FALSE)
attach(lcpars, warn.conflicts = FALSE)
See section ‘Good practice’ in ‘?attach’.
Flavors: r-devel-linux-x86_64-debian-clang, r-devel-linux-x86_64-debian-gcc, r-patched-linux-x86_64, r-release-linux-x86_64