CRAN Package Check Results for Package apex

Last updated on 2022-09-30 21:48:51 CEST.

Flavor Version Tinstall Tcheck Ttotal Status Flags
r-devel-linux-x86_64-debian-clang 1.0.4 19.11 170.69 189.80 NOTE
r-devel-linux-x86_64-debian-gcc 1.0.4 17.09 125.29 142.38 NOTE
r-devel-linux-x86_64-fedora-clang 1.0.4 245.73 NOTE
r-devel-linux-x86_64-fedora-gcc 1.0.4 236.80 NOTE
r-devel-windows-x86_64 1.0.4 28.00 191.00 219.00 NOTE
r-patched-linux-x86_64 1.0.4 20.48 160.94 181.42 NOTE
r-release-linux-x86_64 1.0.4 17.95 160.93 178.88 NOTE
r-release-macos-arm64 1.0.4 57.00 NOTE
r-release-macos-x86_64 1.0.4 89.00 NOTE
r-release-windows-x86_64 1.0.4 37.00 192.00 229.00 NOTE
r-oldrel-macos-arm64 1.0.4 91.00 NOTE
r-oldrel-macos-x86_64 1.0.4 154.00 NOTE
r-oldrel-windows-ix86+x86_64 1.0.4 43.00 190.00 233.00 NOTE

Check Details

Version: 1.0.4
Check: LazyData
Result: NOTE
     'LazyData' is specified without a 'data' directory
Flavors: r-devel-linux-x86_64-debian-clang, r-devel-linux-x86_64-debian-gcc, r-devel-linux-x86_64-fedora-clang, r-devel-linux-x86_64-fedora-gcc, r-devel-windows-x86_64, r-patched-linux-x86_64, r-release-linux-x86_64, r-release-macos-arm64, r-release-macos-x86_64, r-release-windows-x86_64, r-oldrel-macos-arm64, r-oldrel-macos-x86_64, r-oldrel-windows-ix86+x86_64