CRAN Package Check Results for Package apcluster

Last updated on 2024-05-28 06:58:24 CEST.

Flavor Version Tinstall Tcheck Ttotal Status Flags
r-devel-linux-x86_64-debian-clang 1.4.13 83.67 130.19 213.86 OK
r-devel-linux-x86_64-debian-gcc 1.4.13 53.70 91.92 145.62 WARN
r-devel-linux-x86_64-fedora-clang 1.4.13 286.69 OK
r-devel-linux-x86_64-fedora-gcc 1.4.13 292.06 OK
r-devel-windows-x86_64 1.4.13 63.00 146.00 209.00 OK
r-patched-linux-x86_64 1.4.13 67.95 120.04 187.99 OK
r-release-linux-x86_64 1.4.13 69.53 122.67 192.20 OK
r-release-macos-arm64 1.4.13 78.00 OK
r-release-macos-x86_64 1.4.13 188.00 OK
r-release-windows-x86_64 1.4.13 63.00 146.00 209.00 OK
r-oldrel-macos-arm64 1.4.13 104.00 OK
r-oldrel-macos-x86_64 1.4.13 240.00 OK
r-oldrel-windows-x86_64 1.4.13 68.00 167.00 235.00 OK

Check Details

Version: 1.4.13
Check: re-building of vignette outputs
Result: WARN Error(s) in re-building vignettes: ... --- re-building ‘apcluster.Rnw’ using knitr Warning in doTryCatch(return(expr), name, parentenv, handler) : "nodePar" is not a graphical parameter Error: processing vignette 'apcluster.Rnw' failed with diagnostics: Running 'texi2dvi' on 'apcluster.tex' failed. LaTeX errors: ! Undefined control sequence. l.171 \hlkwd{install.packages}\hldef {(}\hlsng{"apcluster"}\hldef{)} ? ! Emergency stop. ! Emergency stop. l.171 End of file on the terminal! ! ==> Fatal error occurred, no output PDF file produced! --- failed re-building ‘apcluster.Rnw’ SUMMARY: processing the following file failed: ‘apcluster.Rnw’ Error: Vignette re-building failed. Execution halted Flavor: r-devel-linux-x86_64-debian-gcc