CRAN Package Check Results for Package apcf

Last updated on 2020-10-30 07:49:49 CET.

Flavor Version Tinstall Tcheck Ttotal Status Flags
r-devel-linux-x86_64-debian-clang 0.1.5 62.33 49.62 111.95 OK
r-devel-linux-x86_64-debian-gcc 0.1.5 41.05 38.38 79.43 OK
r-devel-linux-x86_64-fedora-clang 0.1.5 154.32 OK
r-devel-linux-x86_64-fedora-gcc 0.1.5 131.87 OK
r-devel-windows-ix86+x86_64 0.1.5 159.00 378.00 537.00 NOTE
r-patched-linux-x86_64 0.1.5 52.91 48.06 100.97 OK
r-patched-solaris-x86 0.1.5 157.20 OK
r-release-linux-x86_64 0.1.5 54.85 47.63 102.48 OK
r-release-macos-x86_64 0.1.5 NOTE
r-release-windows-ix86+x86_64 0.1.5 135.00 371.00 506.00 NOTE
r-oldrel-macos-x86_64 0.1.5 NOTE
r-oldrel-windows-ix86+x86_64 0.1.5 132.00 431.00 563.00 NOTE

Check Details

Version: 0.1.5
Check: installed package size
Result: NOTE
     installed size is 73.7Mb
     sub-directories of 1Mb or more:
     gdal 3.8Mb
     libs 69.5Mb
Flavors: r-devel-windows-ix86+x86_64, r-release-macos-x86_64, r-release-windows-ix86+x86_64, r-oldrel-macos-x86_64, r-oldrel-windows-ix86+x86_64