CRAN Package Check Results for Package apa

Last updated on 2022-08-11 21:49:58 CEST.

Flavor Version Tinstall Tcheck Ttotal Status Flags
r-devel-linux-x86_64-debian-clang 0.3.3 6.07 73.61 79.68 NOTE
r-devel-linux-x86_64-debian-gcc 0.3.3 5.32 54.19 59.51 NOTE
r-devel-linux-x86_64-fedora-clang 0.3.3 102.49 NOTE
r-devel-linux-x86_64-fedora-gcc 0.3.3 99.77 NOTE
r-devel-windows-x86_64 0.3.3 16.00 96.00 112.00 NOTE
r-patched-linux-x86_64 0.3.3 6.55 68.96 75.51 NOTE
r-release-linux-x86_64 0.3.3 6.01 67.73 73.74 NOTE
r-release-macos-arm64 0.3.3 31.00 NOTE
r-release-macos-x86_64 0.3.3 57.00 NOTE
r-release-windows-x86_64 0.3.3 12.00 100.00 112.00 NOTE
r-oldrel-macos-arm64 0.3.3 32.00 NOTE
r-oldrel-macos-x86_64 0.3.3 54.00 NOTE
r-oldrel-windows-ix86+x86_64 0.3.3 17.00 91.00 108.00 NOTE

Check Details

Version: 0.3.3
Check: LazyData
Result: NOTE
     'LazyData' is specified without a 'data' directory
Flavors: r-devel-linux-x86_64-debian-clang, r-devel-linux-x86_64-debian-gcc, r-devel-linux-x86_64-fedora-clang, r-devel-linux-x86_64-fedora-gcc, r-devel-windows-x86_64, r-patched-linux-x86_64, r-release-linux-x86_64, r-release-macos-arm64, r-release-macos-x86_64, r-release-windows-x86_64, r-oldrel-macos-arm64, r-oldrel-macos-x86_64, r-oldrel-windows-ix86+x86_64