CRAN Package Check Results for Package anytime

Last updated on 2024-06-20 00:59:26 CEST.

Flavor Version Tinstall Tcheck Ttotal Status Flags
r-devel-linux-x86_64-debian-clang 0.3.9 26.43 39.11 65.54 NOTE
r-devel-linux-x86_64-debian-gcc 0.3.9 15.19 30.39 45.58 NOTE
r-devel-linux-x86_64-fedora-clang 0.3.9 84.52 NOTE
r-devel-linux-x86_64-fedora-gcc 0.3.9 99.90 NOTE
r-devel-windows-x86_64 0.3.9 25.00 92.00 117.00 NOTE
r-patched-linux-x86_64 0.3.9 22.49 38.42 60.91 NOTE
r-release-linux-x86_64 0.3.9 23.77 38.24 62.01 NOTE
r-release-macos-arm64 0.3.9 34.00 NOTE
r-release-macos-x86_64 0.3.9 50.00 NOTE
r-release-windows-x86_64 0.3.9 27.00 89.00 116.00 NOTE
r-oldrel-macos-arm64 0.3.9 38.00 NOTE
r-oldrel-macos-x86_64 0.3.9 57.00 NOTE
r-oldrel-windows-x86_64 0.3.9 28.00 89.00 117.00 NOTE

Check Details

Version: 0.3.9
Check: C++ specification
Result: NOTE Specified C++11: please drop specification unless essential Flavors: r-devel-linux-x86_64-debian-clang, r-devel-linux-x86_64-debian-gcc, r-devel-linux-x86_64-fedora-clang, r-devel-linux-x86_64-fedora-gcc, r-devel-windows-x86_64, r-patched-linux-x86_64, r-release-linux-x86_64, r-release-macos-arm64, r-release-macos-x86_64, r-release-windows-x86_64, r-oldrel-macos-arm64, r-oldrel-macos-x86_64, r-oldrel-windows-x86_64