CRAN Package Check Results for Package antaresEditObject

Last updated on 2024-05-18 07:09:27 CEST.

Flavor Version Tinstall Tcheck Ttotal Status Flags
r-devel-linux-x86_64-debian-clang 0.6.3 16.11 237.73 253.84 OK
r-devel-linux-x86_64-debian-gcc 0.6.3 12.47 189.19 201.66 ERROR
r-devel-linux-x86_64-fedora-clang 0.6.3 347.79 OK
r-devel-linux-x86_64-fedora-gcc 0.6.3 378.01 OK
r-devel-windows-x86_64 0.6.3 16.00 252.00 268.00 OK
r-patched-linux-x86_64 0.6.3 21.19 239.30 260.49 OK
r-release-linux-x86_64 0.6.3 13.13 240.48 253.61 OK
r-release-macos-arm64 0.6.3 110.00 OK
r-release-macos-x86_64 0.6.3 255.00 OK
r-release-windows-x86_64 0.6.3 15.00 256.00 271.00 OK
r-oldrel-macos-arm64 0.6.3 110.00 OK
r-oldrel-macos-x86_64 0.6.3 217.00 OK
r-oldrel-windows-x86_64 0.6.3 19.00 303.00 322.00 OK

Check Details

Version: 0.6.3
Check: tests
Result: ERROR Running ‘testthat.R’ [97s/148s] Running the tests in ‘tests/testthat.R’ failed. Complete output: > #Copyright © 2016 RTE Réseau de transport d’électricité > > # CRAN limite CPU usage > data.table::setDTthreads(2) > > library(testthat) > library(antaresEditObject) Loading required package: antaresRead > > test_check("antaresEditObject") Time difference of 0.5301039 secs Time difference of 1.711848 secs Importing st-storage | | | 0% | |=================================== | 50% | |======================================================================| 100% Importing st-storage | | | 0% | |=================================== | 50% | |======================================================================| 100% Study successfully deleted Simulation successfully deletedImporting st-storage | | | 0% | |=================================== | 50% | |======================================================================| 100% The following lines will be removed from scenariobuilder.dat l,a,0 = 1 l,a,0 = 1 l,a,0 = 2 l,a,0 = 3 l,a,0 = 4 l,a,0 = 5 l,a,0 = 6 l,a,0 = 7 l,a,0 = 8 l,a,0 = 9 ✓ Scenario Builder deduplicated The following lines will be removed from scenariobuilder.dat l,a,0 = 1 l,a,0 = 1 l,a,0 = 2 l,a,0 = 3 l,a,0 = 4 l,a,0 = 5 l,a,0 = 6 l,a,0 = 7 l,a,0 = 8 l,a,0 = 9 l,a,0 = 10 ✓ Scenario Builder deduplicated Importing mingen | | | 0% | |======================================================================| 100% Importing hydroStorageMaxPower | | | 0% | |======================================================================| 100% Importing mingen | | | 0% | |======================================================================| 100% Importing hydroStorage | | | 0% | |======================================================================| 100% Importing mingen | | | 0% | |======================================================================| 100% Importing hydroStorageMaxPower | | | 0% | |======================================================================| 100% Importing mingen | | | 0% | |======================================================================| 100% Importing hydroStorage | | | 0% | |======================================================================| 100% Importing mingen | | | 0% | |======================================================================| 100% Importing hydroStorageMaxPower | | | 0% | |======================================================================| 100% Importing mingen | | | 0% | |======================================================================| 100% Importing hydroStorage | | | 0% | |======================================================================| 100% Importing mingen | | | 0% | |======================================================================| 100% Importing hydroStorage | | | 0% | |======================================================================| 100% Importing mingen | | | 0% | |======================================================================| 100% Importing hydroStorage | | | 0% | |======================================================================| 100% Importing mingen | | | 0% | |======================================================================| 100% Importing hydroStorage | | | 0% | |======================================================================| 100% Importing mingen | | | 0% | |======================================================================| 100% Importing hydroStorage | | | 0% | |======================================================================| 100% Importing mingen | | | 0% | |======================================================================| 100% Importing hydroStorage | | | 0% | |======================================================================| 100% Importing mingen | | | 0% | |======================================================================| 100% Importing hydroStorageMaxPower | | | 0% | |======================================================================| 100% Importing mingen | | | 0% | |======================================================================| 100% Importing hydroStorage | | | 0% | |======================================================================| 100% Importing mingen | | | 0% | |======================================================================| 100% Importing hydroStorage | | | 0% | |======================================================================| 100% Importing mingen | | | 0% | |======================================================================| 100% Importing hydroStorage | | | 0% | |======================================================================| 100% Importing mingen | | | 0% | |======================================================================| 100% Importing hydroStorage | | | 0% | |======================================================================| 100% Importing mingen | | | 0% | |======================================================================| 100% Importing hydroStorage | | | 0% | |======================================================================| 100% Importing mingen | | | 0% | |======================================================================| 100% Importing hydroStorageMaxPower | | | 0% | |======================================================================| 100% Importing mingen | | | 0% | |======================================================================| 100% Importing hydroStorage | | | 0% | |======================================================================| 100% Importing mingen | | | 0% | |======================================================================| 100% Importing hydroStorage | | | 0% | |======================================================================| 100% Importing mingen | | | 0% | |======================================================================| 100% Importing hydroStorage | | | 0% | |======================================================================| 100% Importing mingen | | | 0% | |======================================================================| 100% Importing hydroStorage | | | 0% | |======================================================================| 100% Importing mingen | | | 0% | |======================================================================| 100% Importing hydroStorageMaxPower | | | 0% | |======================================================================| 100% Importing mingen | | | 0% | |======================================================================| 100% Importing hydroStorage | | | 0% | |======================================================================| 100% Importing mingen | | | 0% | |======================================================================| 100% Importing hydroStorageMaxPower | | | 0% | |======================================================================| 100% Importing mingen | | | 0% | |======================================================================| 100% Importing hydroStorage | | | 0% | |======================================================================| 100% Importing mingen | | | 0% | |======================================================================| 100% Importing hydroStorageMaxPower | | | 0% | |======================================================================| 100% Importing mingen | | | 0% | |======================================================================| 100% Importing hydroStorageMaxPower | | | 0% | |======================================================================| 100% Data does not respect the hourly condition. You must check input/hydro/series/zone51/mingen.txt and input/hydro/common/capacity/maxpower_zone51.txt Importing mingen | | | 0% | |======================================================================| 100% Importing hydroStorage | | | 0% | |======================================================================| 100% Importing mingen | | | 0% | |======================================================================| 100% Importing hydroStorageMaxPower | | | 0% | |======================================================================| 100% Importing mingen | | | 0% | |======================================================================| 100% Importing hydroStorage | | | 0% | |======================================================================| 100% Importing mingen | | | 0% | |======================================================================| 100% Importing hydroStorageMaxPower | | | 0% | |======================================================================| 100% Importing mingen | | | 0% | |======================================================================| 100% Importing hydroStorageMaxPower | | | 0% | |======================================================================| 100% Importing mingen | | | 0% | |======================================================================| 100% Importing hydroStorage | | | 0% | |======================================================================| 100% Importing mingen | | | 0% | |======================================================================| 100% Importing hydroStorage | | | 0% | |======================================================================| 100% Importing mingen | | | 0% | |======================================================================| 100% Importing hydroStorage | | | 0% | |======================================================================| 100% Importing mingen | | | 0% | |======================================================================| 100% Importing hydroStorageMaxPower | | | 0% | |======================================================================| 100% Importing mingen | | | 0% | |======================================================================| 100% Importing hydroStorageMaxPower | | | 0% | |======================================================================| 100% Importing mingen | | | 0% | |======================================================================| 100% Importing hydroStorageMaxPower | | | 0% | |======================================================================| 100% Importing mingen | | | 0% | |======================================================================| 100% Importing hydroStorageMaxPower | | | 0% | |======================================================================| 100% Importing mingen | | | 0% | |======================================================================| 100% Importing hydroStorageMaxPower | | | 0% | |======================================================================| 100% Importing mingen | | | 0% | |======================================================================| 100% Importing hydroStorage | | | 0% | |======================================================================| 100% Importing mingen | | | 0% | |======================================================================| 100% Importing hydroStorageMaxPower | | | 0% | |======================================================================| 100% Importing mingen | | | 0% | |========== | 14% | |==================== | 29% | |============================== | 43% | |======================================== | 57% | |================================================== | 71% | |============================================================ | 86% | |======================================================================| 100% Importing mingen | | | 0% | |======================================================================| 100% Importing hydroStorage | | | 0% | |======================================================================| 100% Importing mingen | | | 0% | |======================================================================| 100% Importing hydroStorageMaxPower | | | 0% | |======================================================================| 100% Importing mingen | | | 0% | |========== | 14% | |==================== | 29% | |============================== | 43% | |======================================== | 57% | |================================================== | 71% | |============================================================ | 86% | |======================================================================| 100% Importing mingen | | | 0% | |======================================================================| 100% Importing hydroStorage | | | 0% | |======================================================================| 100% Importing mingen | | | 0% | |======================================================================| 100% Importing hydroStorageMaxPower | | | 0% | |======================================================================| 100% Importing mingen | | | 0% | |========== | 14% | |==================== | 29% | |============================== | 43% | |======================================== | 57% | |================================================== | 71% | |============================================================ | 86% | |======================================================================| 100% Importing mingen | | | 0% | |======================================================================| 100% Importing hydroStorage | | | 0% | |======================================================================| 100% Importing mingen | | | 0% | |======================================================================| 100% Importing hydroStorage | | | 0% | |======================================================================| 100% Importing mingen | | | 0% | |======================================================================| 100% Importing hydroStorageMaxPower | | | 0% | |======================================================================| 100% Data does not respect the monthly condition. You must check input/hydro/series/zone51/mingen.txt and input/hydro/series/zone51/mod.txt Importing mingen | | | 0% | |======================================================================| 100% Importing hydroStorageMaxPower | | | 0% | |======================================================================| 100% Importing mingen | | | 0% | |======================================================================| 100% Importing hydroStorage | | | 0% | |======================================================================| 100% Importing mingen | | | 0% | |======================================================================| 100% Importing hydroStorage | | | 0% | |======================================================================| 100% Importing mingen | | | 0% | |======================================================================| 100% Importing hydroStorage | | | 0% | |======================================================================| 100% Data does not respect the annual condition. You must check input/hydro/series/zone51/mingen.txt and input/hydro/series/zone51/mod.txt Importing mingen | | | 0% | |======================================================================| 100% Importing hydroStorage | | | 0% | |======================================================================| 100% Importing mingen | | | 0% | |======================================================================| 100% Importing hydroStorage | | | 0% | |======================================================================| 100% Data does not respect the annual condition. You must check input/hydro/series/zone51/mingen.txt and input/hydro/series/zone51/mod.txt Importing mingen | | | 0% | |======================================================================| 100% Importing hydroStorage | | | 0% | |======================================================================| 100% Importing mingen | | | 0% | |======================================================================| 100% Importing hydroStorageMaxPower | | | 0% | |======================================================================| 100% Importing mingen | | | 0% | |======================================================================| 100% Importing hydroStorage | | | 0% | |======================================================================| 100% Importing mingen | | | 0% | |======================================================================| 100% Importing hydroStorage | | | 0% | |======================================================================| 100% Importing mingen | | | 0% | |======================================================================| 100% Importing hydroStorageMaxPower | | | 0% | |======================================================================| 100% Data does not respect the monthly condition. You must check input/hydro/series/zone51/mingen.txt and input/hydro/series/zone51/mod.txt Importing mingen | | | 0% | |======================================================================| 100% Importing hydroStorage | | | 0% | |======================================================================| 100% Importing mingen | | | 0% | |======================================================================| 100% Importing hydroStorageMaxPower | | | 0% | |======================================================================| 100% Importing mingen | | | 0% | |======================================================================| 100% Importing hydroStorage | | | 0% | |======================================================================| 100% Data does not respect the monthly condition. You must check input/hydro/series/zone51/mingen.txt and input/hydro/series/zone51/mod.txt Importing mingen | | | 0% | |======================================================================| 100% Importing hydroStorage | | | 0% | |======================================================================| 100% Importing mingen | | | 0% | |======================================================================| 100% Importing hydroStorageMaxPower | | | 0% | |======================================================================| 100% Importing mingen | | | 0% | |======================================================================| 100% Importing hydroStorage | | | 0% | |======================================================================| 100% Importing mingen | | | 0% | |======================================================================| 100% Importing hydroStorage | | | 0% | |======================================================================| 100% Importing mingen | | | 0% | |======================================================================| 100% Importing hydroStorageMaxPower | | | 0% | |======================================================================| 100% Data does not respect the weekly condition. You must check input/hydro/series/zone51/mingen.txt and input/hydro/series/zone51/mod.txt Importing mingen | | | 0% | |======================================================================| 100% Importing hydroStorage | | | 0% | |======================================================================| 100% Importing mingen | | | 0% | |======================================================================| 100% Importing hydroStorageMaxPower | | | 0% | |======================================================================| 100% Importing mingen | | | 0% | |======================================================================| 100% Importing hydroStorage | | | 0% | |======================================================================| 100% Data does not respect the weekly condition. You must check input/hydro/series/zone51/mingen.txt and input/hydro/series/zone51/mod.txt Importing mingen | | | 0% | |======================================================================| 100% Importing hydroStorageMaxPower | | | 0% | |======================================================================| 100% Importing mingen | | | 0% | |======================================================================| 100% Importing hydroStorage | | | 0% | |======================================================================| 100% Importing mingen | | | 0% | |======================================================================| 100% Importing hydroStorage | | | 0% | |======================================================================| 100% Importing mingen | | | 0% | |======================================================================| 100% Importing hydroStorage | | | 0% | |======================================================================| 100% Importing mingen | | | 0% | |======================================================================| 100% Importing hydroStorage | | | 0% | |======================================================================| 100% Importing mingen | | | 0% | |======================================================================| 100% Importing hydroStorage | | | 0% | |======================================================================| 100% Importing mingen | | | 0% | |======================================================================| 100% Importing hydroStorage | | | 0% | |======================================================================| 100% Importing mingen | | | 0% | |======================================================================| 100% Importing hydroStorageMaxPower | | | 0% | |======================================================================| 100% Importing mingen | | | 0% | |======================================================================| 100% Importing hydroStorage | | | 0% | |======================================================================| 100% Importing mingen | | | 0% | |======================================================================| 100% Importing hydroStorage | | | 0% | |======================================================================| 100% Importing mingen | | | 0% | |======================================================================| 100% Importing hydroStorageMaxPower | | | 0% | |======================================================================| 100% Importing mingen | | | 0% | |======================================================================| 100% Importing hydroStorage | | | 0% | |======================================================================| 100% Importing mingen | | | 0% | |======================================================================| 100% Importing hydroStorageMaxPower | | | 0% | |======================================================================| 100% Importing mingen | | | 0% | |======================================================================| 100% Importing hydroStorage | | | 0% | |======================================================================| 100% Importing mingen | | | 0% | |======================================================================| 100% Importing hydroStorage | | | 0% | |======================================================================| 100% Importing mingen | | | 0% | |======================================================================| 100% Importing hydroStorageMaxPower | | | 0% | |======================================================================| 100% Importing mingen | | | 0% | |======================================================================| 100% Importing hydroStorage | | | 0% | |======================================================================| 100% Importing mingen | | | 0% | |======================================================================| 100% Importing hydroStorage | | | 0% | |======================================================================| 100% Importing mingen | | | 0% | |======================================================================| 100% Importing hydroStorageMaxPower | | | 0% | |======================================================================| 100% Importing mingen | | | 0% | |======================================================================| 100% Importing hydroStorage | | | 0% | |======================================================================| 100% Importing mingen | | | 0% | |======================================================================| 100% Importing hydroStorageMaxPower | | | 0% | |======================================================================| 100% Importing mingen | | | 0% | |======================================================================| 100% Importing hydroStorage | | | 0% | |======================================================================| 100% Importing mingen | | | 0% | |======================================================================| 100% Importing hydroStorageMaxPower | | | 0% | |======================================================================| 100% Importing mingen | | | 0% | |======================================================================| 100% Importing hydroStorageMaxPower | | | 0% | |======================================================================| 100% Importing mingen | | | 0% | |======================================================================| 100% Importing hydroStorageMaxPower | | | 0% | |======================================================================| 100% Importing mingen | | | 0% | |======================================================================| 100% Importing hydroStorageMaxPower | | | 0% | |======================================================================| 100% Importing mingen | | | 0% | |======================================================================| 100% Importing hydroStorageMaxPower | | | 0% | |======================================================================| 100% Importing mingen | | | 0% | |======================================================================| 100% Importing hydroStorageMaxPower | | | 0% | |======================================================================| 100% [ FAIL 1 | WARN 150 | SKIP 4 | PASS 579 ] ══ Skipped tests (4) ═══════════════════════════════════════════════════════════ • Deprecated (1): 'test-compute_timeStamp_from_hourly.R:3:1' • Function requires study that spans on 2 years (TODO) (1): 'test-computeTimeStepFromHourly.R:3:1' • On CRAN (1): 'test-createArea.R:25:5' • empty test (1): 'test-createClusterBulk.R:152:1' ══ Failed tests ════════════════════════════════════════════════════════════════ ── Error ('test-RES.R:54:3'): removeClusterRES(): check if the expected files are deleted ── Error in `setSimulationPath(path = path)`: This function require 'rhdf5' (>= 2.24.0) package. This is a bioconductor package. You can install it with : source('https://bioconductor.org/biocLite.R') biocLite('rhdf5') Backtrace: ▆ 1. ├─base::suppressWarnings(...) at test-RES.R:54:3 2. │ └─base::withCallingHandlers(...) 3. └─antaresEditObject::createStudy(...) 4. └─antaresRead::setSimulationPath(path = path) [ FAIL 1 | WARN 150 | SKIP 4 | PASS 579 ] Error: Test failures Execution halted Flavor: r-devel-linux-x86_64-debian-gcc