CRAN Package Check Results for Package animation

Last updated on 2020-07-05 07:47:19 CEST.

Flavor Version Tinstall Tcheck Ttotal Status Flags
r-devel-linux-x86_64-debian-clang 2.6 6.26 36.22 42.48 NOTE
r-devel-linux-x86_64-debian-gcc 2.6 4.93 28.76 33.69 NOTE
r-devel-linux-x86_64-fedora-clang 2.6 59.49 NOTE
r-devel-linux-x86_64-fedora-gcc 2.6 50.87 NOTE
r-devel-windows-ix86+x86_64 2.6 14.00 78.00 92.00 OK
r-patched-linux-x86_64 2.6 5.72 36.50 42.22 NOTE
r-patched-solaris-x86 2.6 70.70 NOTE
r-release-linux-x86_64 2.6 6.16 36.57 42.73 NOTE
r-release-osx-x86_64 2.6 OK
r-release-windows-ix86+x86_64 2.6 14.00 69.00 83.00 OK
r-oldrel-osx-x86_64 2.6 OK
r-oldrel-windows-ix86+x86_64 2.6 9.00 64.00 73.00 OK

Check Details

Version: 2.6
Check: for non-standard things in the check directory
Result: NOTE
    Found the following files/directories:
     'BM-motion-chart.html' 'css' 'images' 'index.html' 'js'
Flavors: r-devel-linux-x86_64-debian-clang, r-devel-linux-x86_64-debian-gcc, r-devel-linux-x86_64-fedora-clang, r-devel-linux-x86_64-fedora-gcc, r-patched-linux-x86_64, r-patched-solaris-x86, r-release-linux-x86_64