CRAN Package Check Results for Package anapuce

Last updated on 2020-09-22 14:04:50 CEST.

Flavor Version Tinstall Tcheck Ttotal Status Flags
r-devel-linux-x86_64-debian-clang 2.3 3.78 27.02 30.80 NOTE
r-devel-linux-x86_64-debian-gcc 2.3 3.30 21.47 24.77 NOTE
r-devel-linux-x86_64-fedora-clang 2.3 46.16 NOTE
r-devel-linux-x86_64-fedora-gcc 2.3 36.45 NOTE
r-devel-windows-ix86+x86_64 2.3 7.00 32.00 39.00 OK
r-patched-linux-x86_64 2.3 3.38 26.45 29.83 NOTE
r-patched-solaris-x86 2.3 52.80 NOTE
r-release-linux-x86_64 2.3 3.92 26.70 30.62 NOTE
r-release-macos-x86_64 2.3 OK
r-release-windows-ix86+x86_64 2.3 7.00 32.00 39.00 OK
r-oldrel-macos-x86_64 2.3 OK
r-oldrel-windows-ix86+x86_64 2.3 6.00 49.00 55.00 OK

Check Details

Version: 2.3
Check: for non-standard things in the check directory
Result: NOTE
    Found the following files/directories:
     'BH-0.05-ListOfGenes.txt' 'BH-0.05-VM-ListOfGenes.txt'
     'CompleteListOfGenes.txt' 'GenesOutOfAnalysis.txt'
     'GenesOutOfAnalysis_NotEnoughObs.txt'
     'GenesOutOfAnalysis_NullVar.txt' 'VM-CompleteListOfGenes.txt'
     'bonferroni-0.05-ListOfGenes.txt'
     'bonferroni-0.05-VM-ListOfGenes.txt'
Flavors: r-devel-linux-x86_64-debian-clang, r-devel-linux-x86_64-debian-gcc, r-devel-linux-x86_64-fedora-clang, r-devel-linux-x86_64-fedora-gcc, r-patched-linux-x86_64, r-patched-solaris-x86, r-release-linux-x86_64