CRAN Package Check Results for Package analysisPipelines

Last updated on 2020-08-10 22:49:21 CEST.

Flavor Version Tinstall Tcheck Ttotal Status Flags
r-devel-linux-x86_64-debian-clang 1.0.2 9.55 86.35 95.90 NOTE
r-devel-linux-x86_64-debian-gcc 1.0.2 7.76 65.38 73.14 NOTE
r-devel-linux-x86_64-fedora-clang 1.0.2 119.76 NOTE
r-devel-linux-x86_64-fedora-gcc 1.0.2 121.10 NOTE
r-devel-windows-ix86+x86_64 1.0.2 23.00 139.00 162.00 OK
r-patched-linux-x86_64 1.0.2 10.81 83.02 93.83 NOTE
r-patched-solaris-x86 1.0.2 149.00 NOTE
r-release-linux-x86_64 1.0.2 9.70 83.12 92.82 NOTE
r-release-macos-x86_64 1.0.2 OK
r-release-windows-ix86+x86_64 1.0.2 29.00 146.00 175.00 OK
r-oldrel-macos-x86_64 1.0.2 OK
r-oldrel-windows-ix86+x86_64 1.0.2 21.00 99.00 120.00 OK

Check Details

Version: 1.0.2
Check: package dependencies
Result: NOTE
    Package which this enhances but not available for checking: 'SparkR'
Flavors: r-devel-linux-x86_64-debian-clang, r-devel-linux-x86_64-debian-gcc, r-devel-linux-x86_64-fedora-clang, r-devel-linux-x86_64-fedora-gcc, r-patched-linux-x86_64, r-patched-solaris-x86, r-release-linux-x86_64