CRAN Package Check Results for Package analogueExtra

Last updated on 2022-12-04 12:55:21 CET.

Flavor Version Tinstall Tcheck Ttotal Status Flags
r-devel-linux-x86_64-debian-clang 0.1-1 9.16 84.53 93.69 OK
r-devel-linux-x86_64-debian-gcc 0.1-1 8.57 66.03 74.60 OK
r-devel-linux-x86_64-fedora-clang 0.1-1 127.98 NOTE
r-devel-linux-x86_64-fedora-gcc 0.1-1 123.97 OK
r-devel-windows-x86_64 0.1-1 18.00 116.00 134.00 OK
r-patched-linux-x86_64 0.1-1 14.29 82.22 96.51 OK
r-release-linux-x86_64 0.1-1 7.81 84.76 92.57 OK
r-release-macos-arm64 0.1-1 33.00 OK
r-release-macos-x86_64 0.1-1 49.00 OK
r-release-windows-x86_64 0.1-1 14.00 114.00 128.00 OK
r-oldrel-macos-arm64 0.1-1 40.00 OK
r-oldrel-macos-x86_64 0.1-1 74.00 OK
r-oldrel-windows-ix86+x86_64 0.1-1 23.00 105.00 128.00 OK

Check Details

Version: 0.1-1
Check: Rd cross-references
Result: NOTE
    Undeclared package ‘vegan’ in Rd xrefs
Flavor: r-devel-linux-x86_64-fedora-clang