CRAN Package Check Results for Package analogue

Last updated on 2022-09-28 06:54:01 CEST.

Flavor Version Tinstall Tcheck Ttotal Status Flags
r-devel-linux-x86_64-debian-clang 0.17-6 22.10 187.35 209.45 NOTE
r-devel-linux-x86_64-debian-gcc 0.17-6 15.88 138.67 154.55 NOTE
r-devel-linux-x86_64-fedora-clang 0.17-6 271.86 NOTE
r-devel-linux-x86_64-fedora-gcc 0.17-6 267.15 NOTE
r-devel-windows-x86_64 0.17-6 129.00 261.00 390.00 NOTE
r-patched-linux-x86_64 0.17-6 23.44 177.24 200.68 OK
r-release-linux-x86_64 0.17-6 19.08 173.55 192.63 OK
r-release-macos-arm64 0.17-6 78.00 OK
r-release-macos-x86_64 0.17-6 105.00 OK
r-release-windows-x86_64 0.17-6 105.00 265.00 370.00 OK
r-oldrel-macos-arm64 0.17-6 92.00 OK
r-oldrel-macos-x86_64 0.17-6 101.00 OK
r-oldrel-windows-ix86+x86_64 0.17-6 42.00 271.00 313.00 OK

Check Details

Version: 0.17-6
Check: Rd files
Result: NOTE
    checkRd: (-1) deshrink.Rd:55: Escaped LaTeX specials: \&
    checkRd: (-1) deshrink.Rd:51: Escaped LaTeX specials: \&
    checkRd: (-1) plot.mat.Rd:60: Escaped LaTeX specials: \&
    checkRd: (-1) plot.wa.Rd:46: Escaped LaTeX specials: \&
    checkRd: (-1) predict.prcurve.Rd:5: Escaped LaTeX specials: \&
Flavors: r-devel-linux-x86_64-debian-clang, r-devel-linux-x86_64-debian-gcc, r-devel-linux-x86_64-fedora-clang, r-devel-linux-x86_64-fedora-gcc, r-devel-windows-x86_64