CRAN Package Check Results for Package aml

Last updated on 2020-10-28 01:49:27 CET.

Flavor Version Tinstall Tcheck Ttotal Status Flags
r-devel-linux-x86_64-debian-clang 0.1-1 2.62 45.21 47.83 NOTE
r-devel-linux-x86_64-debian-gcc 0.1-1 2.00 35.92 37.92 NOTE
r-devel-linux-x86_64-fedora-clang 0.1-1 65.97 NOTE
r-devel-linux-x86_64-fedora-gcc 0.1-1 56.40 NOTE
r-devel-windows-ix86+x86_64 0.1-1 5.00 67.00 72.00 NOTE
r-patched-linux-x86_64 0.1-1 NOTE
r-patched-solaris-x86 0.1-1 95.60 NOTE
r-release-linux-x86_64 0.1-1 2.54 43.97 46.51 NOTE
r-release-macos-x86_64 0.1-1 NOTE
r-release-windows-ix86+x86_64 0.1-1 4.00 54.00 58.00 NOTE
r-oldrel-macos-x86_64 0.1-1 NOTE
r-oldrel-windows-ix86+x86_64 0.1-1 26.00 61.00 87.00 NOTE

Check Details

Version: 0.1-1
Check: R code for possible problems
Result: NOTE
    amltest: no visible global function definition for 'var'
    amltest: no visible global function definition for 'optim'
    amltest: no visible global function definition for 'lm'
    cleanclust: no visible global function definition for 'cor'
    cleanclust: no visible global function definition for 'hclust'
    cleanclust: no visible global function definition for 'as.dist'
    cleanclust: no visible global function definition for 'cutree'
    Undefined global functions or variables:
     as.dist cor cutree hclust lm optim var
    Consider adding
     importFrom("stats", "as.dist", "cor", "cutree", "hclust", "lm",
     "optim", "var")
    to your NAMESPACE file.
Flavors: r-devel-linux-x86_64-debian-clang, r-devel-linux-x86_64-debian-gcc, r-devel-linux-x86_64-fedora-clang, r-devel-linux-x86_64-fedora-gcc, r-devel-windows-ix86+x86_64, r-patched-linux-x86_64, r-patched-solaris-x86, r-release-linux-x86_64, r-release-macos-x86_64, r-release-windows-ix86+x86_64, r-oldrel-macos-x86_64, r-oldrel-windows-ix86+x86_64