CRAN Package Check Results for Package amerifluxr

Last updated on 2022-10-05 00:52:35 CEST.

Flavor Version Tinstall Tcheck Ttotal Status Flags
r-devel-linux-x86_64-debian-clang 1.0.0 4.90 56.61 61.51 OK
r-devel-linux-x86_64-debian-gcc 1.0.0 3.99 41.69 45.68 OK
r-devel-linux-x86_64-fedora-clang 1.0.0 87.26 NOTE
r-devel-linux-x86_64-fedora-gcc 1.0.0 80.30 NOTE
r-devel-windows-x86_64 1.0.0 28.00 114.00 142.00 OK
r-patched-linux-x86_64 1.0.0 4.57 52.21 56.78 OK
r-release-linux-x86_64 1.0.0 3.78 52.05 55.83 OK
r-release-macos-arm64 1.0.0 48.00 NOTE
r-release-macos-x86_64 1.0.0 67.00 NOTE
r-release-windows-x86_64 1.0.0 24.00 109.00 133.00 OK
r-oldrel-macos-arm64 1.0.0 50.00 NOTE
r-oldrel-macos-x86_64 1.0.0 53.00 NOTE
r-oldrel-windows-ix86+x86_64 1.0.0 13.00 122.00 135.00 OK

Check Details

Version: 1.0.0
Check: data for non-ASCII characters
Result: NOTE
     Note: found 7 marked UTF-8 strings
Flavors: r-devel-linux-x86_64-fedora-clang, r-devel-linux-x86_64-fedora-gcc, r-release-macos-arm64, r-release-macos-x86_64, r-oldrel-macos-arm64, r-oldrel-macos-x86_64