Last updated on 2022-06-26 12:54:40 CEST.
Flavor | Version | Tinstall | Tcheck | Ttotal | Status | Flags |
---|---|---|---|---|---|---|
r-devel-linux-x86_64-debian-clang | 1.0.6 | 10.31 | 97.54 | 107.85 | NOTE | |
r-devel-linux-x86_64-debian-gcc | 1.0.6 | 8.26 | 75.20 | 83.46 | NOTE | |
r-devel-linux-x86_64-fedora-clang | 1.0.6 | 140.15 | NOTE | |||
r-devel-linux-x86_64-fedora-gcc | 1.0.6 | 139.44 | NOTE | |||
r-devel-windows-x86_64 | 1.0.6 | 50.00 | 140.00 | 190.00 | NOTE | |
r-patched-linux-x86_64 | 1.0.6 | 13.61 | 93.03 | 106.64 | OK | |
r-release-linux-x86_64 | 1.0.6 | 11.67 | 93.99 | 105.66 | OK | |
r-release-macos-arm64 | 1.0.6 | 41.00 | OK | |||
r-release-macos-x86_64 | 1.0.6 | 71.00 | OK | |||
r-release-windows-x86_64 | 1.0.6 | 60.00 | 142.00 | 202.00 | OK | |
r-oldrel-macos-arm64 | 1.0.6 | 53.00 | OK | |||
r-oldrel-macos-x86_64 | 1.0.6 | 62.00 | OK | |||
r-oldrel-windows-ix86+x86_64 | 1.0.6 | 28.00 | 130.00 | 158.00 | OK |
Version: 1.0.6
Check: Rd files
Result: NOTE
checkRd: (-1) UN1.Rd:16: Escaped LaTeX specials: \$
checkRd: (-1) rateprof.Rd:64: Escaped LaTeX specials: \&
Flavors: r-devel-linux-x86_64-debian-clang, r-devel-linux-x86_64-debian-gcc, r-devel-linux-x86_64-fedora-clang, r-devel-linux-x86_64-fedora-gcc, r-devel-windows-x86_64