Last updated on 2023-12-11 12:52:03 CET.
Flavor | Version | Tinstall | Tcheck | Ttotal | Status | Flags |
---|---|---|---|---|---|---|
r-devel-linux-x86_64-debian-clang | 0.2.3 | 9.37 | 179.68 | 189.05 | NOTE | |
r-devel-linux-x86_64-debian-gcc | 0.2.3 | 9.52 | 134.81 | 144.33 | NOTE | |
r-devel-linux-x86_64-fedora-clang | 0.2.3 | 261.71 | OK | |||
r-devel-linux-x86_64-fedora-gcc | 0.2.3 | 235.61 | OK | |||
r-devel-windows-x86_64 | 0.2.3 | 10.00 | 160.00 | 170.00 | OK | |
r-patched-linux-x86_64 | 0.2.3 | 10.35 | 172.47 | 182.82 | OK | |
r-release-linux-x86_64 | 0.2.3 | 7.26 | 172.25 | 179.51 | OK | |
r-release-macos-arm64 | 0.2.3 | 81.00 | OK | |||
r-release-macos-x86_64 | 0.2.3 | 148.00 | OK | |||
r-release-windows-x86_64 | 0.2.3 | 13.00 | 192.00 | 205.00 | OK | |
r-oldrel-macos-arm64 | 0.2.3 | 83.00 | OK | |||
r-oldrel-macos-x86_64 | 0.2.3 | 98.00 | OK | |||
r-oldrel-windows-x86_64 | 0.2.3 | 13.00 | 196.00 | 209.00 | OK |
Version: 0.2.3
Check: Rd files
Result: NOTE
checkRd: (-1) allestimates.Rd:25: Lost braces in \itemize; meant \describe ?
checkRd: (-1) allestimates.Rd:26: Lost braces in \itemize; meant \describe ?
checkRd: (-1) allestimates.Rd:27: Lost braces in \itemize; meant \describe ?
checkRd: (-1) allestimates.Rd:28: Lost braces in \itemize; meant \describe ?
Flavors: r-devel-linux-x86_64-debian-clang, r-devel-linux-x86_64-debian-gcc