Last updated on 2023-01-30 00:31:05 CET.
Flavor | Version | Tinstall | Tcheck | Ttotal | Status | Flags |
---|---|---|---|---|---|---|
r-devel-linux-x86_64-debian-clang | 1.0.0 | 3.41 | 53.15 | 56.56 | OK | |
r-devel-linux-x86_64-debian-gcc | 1.0.0 | 3.12 | 39.67 | 42.79 | OK | |
r-devel-linux-x86_64-fedora-clang | 1.0.0 | 75.77 | NOTE | |||
r-devel-linux-x86_64-fedora-gcc | 1.0.0 | 77.88 | OK | |||
r-devel-windows-x86_64 | 1.0.0 | 71.00 | 101.00 | 172.00 | OK | |
r-patched-linux-x86_64 | 1.0.0 | 4.38 | 47.55 | 51.93 | OK | |
r-release-linux-x86_64 | 1.0.0 | 3.51 | 48.38 | 51.89 | OK | |
r-release-macos-arm64 | 1.0.0 | 38.00 | OK | |||
r-release-macos-x86_64 | 1.0.0 | 72.00 | OK | |||
r-release-windows-x86_64 | 1.0.0 | 63.00 | 87.00 | 150.00 | OK | |
r-oldrel-macos-arm64 | 1.0.0 | 38.00 | OK | |||
r-oldrel-macos-x86_64 | 1.0.0 | 71.00 | OK | |||
r-oldrel-windows-ix86+x86_64 | 1.0.0 | 9.00 | 78.00 | 87.00 | OK |
Version: 1.0.0
Check: Rd cross-references
Result: NOTE
Undeclared package ‘hyperSpec’ in Rd xrefs
Flavor: r-devel-linux-x86_64-fedora-clang