CRAN Package Check Results for Package algorithmia

Last updated on 2022-09-28 06:54:01 CEST.

Flavor Version Tinstall Tcheck Ttotal Status Flags
r-devel-linux-x86_64-debian-clang 0.3.0 4.12 30.24 34.36 NOTE
r-devel-linux-x86_64-debian-gcc 0.3.0 3.49 23.52 27.01 NOTE
r-devel-linux-x86_64-fedora-clang 0.3.0 55.62 NOTE
r-devel-linux-x86_64-fedora-gcc 0.3.0 52.96 NOTE
r-devel-windows-x86_64 0.3.0 74.00 60.00 134.00 NOTE
r-patched-linux-x86_64 0.3.0 3.87 28.55 32.42 NOTE
r-release-linux-x86_64 0.3.0 4.16 28.95 33.11 NOTE
r-release-macos-arm64 0.3.0 19.00 NOTE
r-release-macos-x86_64 0.3.0 26.00 NOTE
r-release-windows-x86_64 0.3.0 36.00 58.00 94.00 NOTE
r-oldrel-macos-arm64 0.3.0 27.00 NOTE
r-oldrel-macos-x86_64 0.3.0 26.00 NOTE
r-oldrel-windows-ix86+x86_64 0.3.0 11.00 53.00 64.00 NOTE

Check Details

Version: 0.3.0
Check: LazyData
Result: NOTE
     'LazyData' is specified without a 'data' directory
Flavors: r-devel-linux-x86_64-debian-clang, r-devel-linux-x86_64-debian-gcc, r-devel-linux-x86_64-fedora-clang, r-devel-linux-x86_64-fedora-gcc, r-devel-windows-x86_64, r-patched-linux-x86_64, r-release-linux-x86_64, r-release-macos-arm64, r-release-macos-x86_64, r-release-windows-x86_64, r-oldrel-macos-arm64, r-oldrel-macos-x86_64, r-oldrel-windows-ix86+x86_64