CRAN Package Check Results for Package algo

Last updated on 2022-10-03 21:53:31 CEST.

Flavor Version Tinstall Tcheck Ttotal Status Flags
r-devel-linux-x86_64-debian-clang 0.1.0 1.99 23.28 25.27 NOTE
r-devel-linux-x86_64-debian-gcc 0.1.0 1.55 18.10 19.65 NOTE
r-devel-linux-x86_64-fedora-clang 0.1.0 43.45 NOTE
r-devel-linux-x86_64-fedora-gcc 0.1.0 41.39 NOTE
r-devel-windows-x86_64 0.1.0 13.00 52.00 65.00 NOTE
r-patched-linux-x86_64 0.1.0 1.38 22.22 23.60 NOTE
r-release-linux-x86_64 0.1.0 1.90 21.90 23.80 NOTE
r-release-macos-arm64 0.1.0 15.00 NOTE
r-release-macos-x86_64 0.1.0 22.00 NOTE
r-release-windows-x86_64 0.1.0 7.00 51.00 58.00 NOTE
r-oldrel-macos-arm64 0.1.0 19.00 NOTE
r-oldrel-macos-x86_64 0.1.0 25.00 NOTE
r-oldrel-windows-ix86+x86_64 0.1.0 6.00 46.00 52.00 NOTE

Check Details

Version: 0.1.0
Check: LazyData
Result: NOTE
     'LazyData' is specified without a 'data' directory
Flavors: r-devel-linux-x86_64-debian-clang, r-devel-linux-x86_64-debian-gcc, r-devel-linux-x86_64-fedora-clang, r-devel-linux-x86_64-fedora-gcc, r-devel-windows-x86_64, r-patched-linux-x86_64, r-release-linux-x86_64, r-release-macos-arm64, r-release-macos-x86_64, r-release-windows-x86_64, r-oldrel-macos-arm64, r-oldrel-macos-x86_64, r-oldrel-windows-ix86+x86_64