CRAN Package Check Results for Package alarmdata

Last updated on 2024-06-13 00:55:06 CEST.

Flavor Version Tinstall Tcheck Ttotal Status Flags
r-devel-linux-x86_64-debian-clang 0.2.1 5.49 82.97 88.46 OK
r-devel-linux-x86_64-debian-gcc 0.2.1 0.39 1.73 2.12 ERROR
r-devel-linux-x86_64-fedora-clang 0.2.1 117.48 OK
r-devel-linux-x86_64-fedora-gcc 0.2.1 108.52 OK
r-devel-windows-x86_64 0.2.1 6.00 183.00 189.00 OK
r-patched-linux-x86_64 0.2.1 3.42 80.52 83.94 OK
r-release-linux-x86_64 0.2.1 3.60 77.70 81.30 OK
r-release-macos-arm64 0.2.1 33.00 OK
r-release-macos-x86_64 0.2.1 49.00 OK
r-release-windows-x86_64 0.2.1 6.00 75.00 81.00 OK
r-oldrel-macos-arm64 0.2.1 37.00 OK
r-oldrel-macos-x86_64 0.2.1 63.00 OK
r-oldrel-windows-x86_64 0.2.1 8.00 91.00 99.00 OK

Check Details

Version: 0.2.1
Check: package dependencies
Result: ERROR Packages required but not available: 'dplyr', 'readr', 'stringr', 'dataverse', 'censable', 'geomander', 'tidyselect', 'redist', 'redistmetrics' Packages suggested but not available for checking: 'rmapshaper', 'testthat' See section ‘The DESCRIPTION file’ in the ‘Writing R Extensions’ manual. Flavor: r-devel-linux-x86_64-debian-gcc