Last updated on 2022-08-11 18:50:09 CEST.
Flavor | Version | Tinstall | Tcheck | Ttotal | Status | Flags |
---|---|---|---|---|---|---|
r-devel-linux-x86_64-debian-clang | 1.3.0 | 17.10 | 165.61 | 182.71 | NOTE | |
r-devel-linux-x86_64-debian-gcc | 1.3.0 | 13.16 | 120.95 | 134.11 | NOTE | |
r-devel-linux-x86_64-fedora-clang | 1.3.0 | 226.51 | NOTE | |||
r-devel-linux-x86_64-fedora-gcc | 1.3.0 | 218.91 | NOTE | |||
r-devel-windows-x86_64 | 1.3.0 | 24.00 | 179.00 | 203.00 | NOTE | |
r-patched-linux-x86_64 | 1.3.0 | 16.12 | 161.83 | 177.95 | OK | |
r-release-linux-x86_64 | 1.3.0 | 12.21 | 160.55 | 172.76 | OK | |
r-release-macos-arm64 | 1.3.0 | 73.00 | OK | |||
r-release-macos-x86_64 | 1.3.0 | 130.00 | OK | |||
r-release-windows-x86_64 | 1.3.0 | 33.00 | 178.00 | 211.00 | OK | |
r-oldrel-macos-arm64 | 1.3.0 | 130.00 | OK | |||
r-oldrel-macos-x86_64 | 1.3.0 | 140.00 | OK | |||
r-oldrel-windows-ix86+x86_64 | 1.3.0 | 35.00 | 174.00 | 209.00 | OK |
Version: 1.3.0
Check: package subdirectories
Result: NOTE
Problems with news in 'NEWS.md':
No news entries found.
Flavors: r-devel-linux-x86_64-debian-clang, r-devel-linux-x86_64-debian-gcc, r-devel-linux-x86_64-fedora-clang, r-devel-linux-x86_64-fedora-gcc, r-devel-windows-x86_64