CRAN Package Check Results for Package ajv

Last updated on 2023-01-30 12:55:09 CET.

Flavor Version Tinstall Tcheck Ttotal Status Flags
r-devel-linux-x86_64-debian-clang 1.0.0 2.77 33.66 36.43 NOTE
r-devel-linux-x86_64-debian-gcc 1.0.0 1.91 26.37 28.28 NOTE
r-devel-linux-x86_64-fedora-clang 1.0.0 47.76 NOTE
r-devel-linux-x86_64-fedora-gcc 1.0.0 57.58 NOTE
r-devel-windows-x86_64 1.0.0 16.00 71.00 87.00 NOTE
r-patched-linux-x86_64 1.0.0 2.75 32.99 35.74 NOTE
r-release-linux-x86_64 1.0.0 3.03 33.61 36.64 NOTE
r-release-macos-arm64 1.0.0 21.00 NOTE
r-release-macos-x86_64 1.0.0 27.00 NOTE
r-release-windows-x86_64 1.0.0 17.00 67.00 84.00 NOTE
r-oldrel-macos-arm64 1.0.0 24.00 NOTE
r-oldrel-macos-x86_64 1.0.0 34.00 NOTE
r-oldrel-windows-ix86+x86_64 1.0.0 10.00 71.00 81.00 NOTE

Check Details

Version: 1.0.0
Check: LazyData
Result: NOTE
     'LazyData' is specified without a 'data' directory
Flavors: r-devel-linux-x86_64-debian-clang, r-devel-linux-x86_64-debian-gcc, r-devel-linux-x86_64-fedora-clang, r-devel-linux-x86_64-fedora-gcc, r-devel-windows-x86_64, r-patched-linux-x86_64, r-release-linux-x86_64, r-release-macos-arm64, r-release-macos-x86_64, r-release-windows-x86_64, r-oldrel-macos-arm64, r-oldrel-macos-x86_64, r-oldrel-windows-ix86+x86_64