CRAN Package Check Results for Package aiRly

Last updated on 2022-11-30 12:54:25 CET.

Flavor Version Tinstall Tcheck Ttotal Status Flags
r-devel-linux-x86_64-debian-clang 0.1.0 4.75 45.31 50.06 NOTE
r-devel-linux-x86_64-debian-gcc 0.1.0 3.94 33.97 37.91 NOTE
r-devel-linux-x86_64-fedora-clang 0.1.0 72.03 NOTE
r-devel-linux-x86_64-fedora-gcc 0.1.0 68.64 NOTE
r-devel-windows-x86_64 0.1.0 21.00 78.00 99.00 NOTE
r-patched-linux-x86_64 0.1.0 4.32 41.43 45.75 NOTE
r-release-linux-x86_64 0.1.0 4.96 42.09 47.05 NOTE
r-release-macos-arm64 0.1.0 22.00 NOTE
r-release-macos-x86_64 0.1.0 31.00 NOTE
r-release-windows-x86_64 0.1.0 27.00 74.00 101.00 NOTE
r-oldrel-macos-arm64 0.1.0 24.00 NOTE
r-oldrel-macos-x86_64 0.1.0 33.00 NOTE
r-oldrel-windows-ix86+x86_64 0.1.0 10.00 68.00 78.00 NOTE

Additional issues

donttest

Check Details

Version: 0.1.0
Check: LazyData
Result: NOTE
     'LazyData' is specified without a 'data' directory
Flavors: r-devel-linux-x86_64-debian-clang, r-devel-linux-x86_64-debian-gcc, r-devel-linux-x86_64-fedora-clang, r-devel-linux-x86_64-fedora-gcc, r-devel-windows-x86_64, r-patched-linux-x86_64, r-release-linux-x86_64, r-release-macos-arm64, r-release-macos-x86_64, r-release-windows-x86_64, r-oldrel-macos-arm64, r-oldrel-macos-x86_64, r-oldrel-windows-ix86+x86_64