CRAN Package Check Results for Package ahnr

Last updated on 2022-09-26 06:51:06 CEST.

Flavor Version Tinstall Tcheck Ttotal Status Flags
r-devel-linux-x86_64-debian-clang 0.3.1 5.65 158.05 163.70 NOTE
r-devel-linux-x86_64-debian-gcc 0.3.1 4.52 104.74 109.26 NOTE
r-devel-linux-x86_64-fedora-clang 0.3.1 199.75 NOTE
r-devel-linux-x86_64-fedora-gcc 0.3.1 193.68 NOTE
r-devel-windows-x86_64 0.3.1 12.00 163.00 175.00 NOTE
r-patched-linux-x86_64 0.3.1 5.27 144.49 149.76 NOTE
r-release-linux-x86_64 0.3.1 5.06 143.35 148.41 NOTE
r-release-macos-arm64 0.3.1 47.00 NOTE
r-release-macos-x86_64 0.3.1 64.00 NOTE
r-release-windows-x86_64 0.3.1 16.00 160.00 176.00 NOTE
r-oldrel-macos-arm64 0.3.1 86.00 NOTE
r-oldrel-macos-x86_64 0.3.1 71.00 NOTE
r-oldrel-windows-ix86+x86_64 0.3.1 15.00 181.00 196.00 NOTE

Check Details

Version: 0.3.1
Check: LazyData
Result: NOTE
     'LazyData' is specified without a 'data' directory
Flavors: r-devel-linux-x86_64-debian-clang, r-devel-linux-x86_64-debian-gcc, r-devel-linux-x86_64-fedora-clang, r-devel-linux-x86_64-fedora-gcc, r-devel-windows-x86_64, r-patched-linux-x86_64, r-release-linux-x86_64, r-release-macos-arm64, r-release-macos-x86_64, r-release-windows-x86_64, r-oldrel-macos-arm64, r-oldrel-macos-x86_64, r-oldrel-windows-ix86+x86_64