CRAN Package Check Results for Package ahMLE

Last updated on 2023-12-11 00:48:59 CET.

Flavor Version Tinstall Tcheck Ttotal Status Flags
r-devel-linux-x86_64-debian-clang 1.20.1 40.43 79.27 119.70 NOTE
r-devel-linux-x86_64-debian-gcc 1.20.1 28.93 60.43 89.36 NOTE
r-devel-linux-x86_64-fedora-clang 1.20.1 158.24 NOTE
r-devel-linux-x86_64-fedora-gcc 1.20.1 165.03 NOTE
r-devel-windows-x86_64 1.20.1 33.00 92.00 125.00 NOTE
r-patched-linux-x86_64 1.20.1 32.07 78.21 110.28 NOTE
r-release-linux-x86_64 1.20.1 27.48 77.11 104.59 NOTE
r-release-macos-arm64 1.20.1 44.00 NOTE
r-release-macos-x86_64 1.20.1 69.00 NOTE
r-release-windows-x86_64 1.20.1 41.00 105.00 146.00 NOTE
r-oldrel-macos-arm64 1.20.1 37.00 OK
r-oldrel-macos-x86_64 1.20.1 60.00 OK
r-oldrel-windows-x86_64 1.20.1 39.00 107.00 146.00 OK

Check Details

Version: 1.20.1
Check: C++ specification
Result: NOTE Specified C++11: please drop specification unless essential Flavors: r-devel-linux-x86_64-debian-clang, r-devel-linux-x86_64-debian-gcc, r-devel-linux-x86_64-fedora-clang, r-devel-linux-x86_64-fedora-gcc, r-devel-windows-x86_64, r-patched-linux-x86_64, r-release-linux-x86_64, r-release-macos-arm64, r-release-macos-x86_64, r-release-windows-x86_64