CRAN Package Check Results for Package africamonitor

Last updated on 2022-09-26 21:52:51 CEST.

Flavor Version Tinstall Tcheck Ttotal Status Flags
r-devel-linux-x86_64-debian-clang 0.2.0 5.28 45.72 51.00 OK
r-devel-linux-x86_64-debian-gcc 0.2.0 3.85 34.92 38.77 OK
r-devel-linux-x86_64-fedora-clang 0.2.0 74.11 NOTE
r-devel-linux-x86_64-fedora-gcc 0.2.0 73.44 NOTE
r-devel-windows-x86_64 0.2.0 23.00 75.00 98.00 OK
r-patched-linux-x86_64 0.2.0 4.73 42.68 47.41 OK
r-release-linux-x86_64 0.2.0 4.79 43.40 48.19 OK
r-release-macos-arm64 0.2.0 21.00 NOTE
r-release-macos-x86_64 0.2.0 30.00 NOTE
r-release-windows-x86_64 0.2.0 22.00 78.00 100.00 OK
r-oldrel-macos-arm64 0.2.0 21.00 NOTE
r-oldrel-macos-x86_64 0.2.0 29.00 NOTE
r-oldrel-windows-ix86+x86_64 0.2.0 11.00 69.00 80.00 OK

Check Details

Version: 0.2.0
Check: data for non-ASCII characters
Result: NOTE
     Note: found 6 marked UTF-8 strings
Flavors: r-devel-linux-x86_64-fedora-clang, r-devel-linux-x86_64-fedora-gcc, r-release-macos-arm64, r-release-macos-x86_64, r-oldrel-macos-arm64, r-oldrel-macos-x86_64